CRAN Package Check Results for Package sjPlot

Last updated on 2020-03-30 09:51:42 CEST.

Flavor Version Tinstall Tcheck Ttotal Status Flags
r-devel-linux-x86_64-debian-clang 2.8.3 26.74 514.73 541.47 NOTE
r-devel-linux-x86_64-debian-gcc 2.8.3 19.96 387.24 407.20 NOTE
r-devel-linux-x86_64-fedora-clang 2.8.3 638.79 NOTE
r-devel-linux-x86_64-fedora-gcc 2.8.3 627.42 NOTE
r-devel-windows-ix86+x86_64 2.8.3 45.00 422.00 467.00 OK
r-devel-windows-ix86+x86_64-gcc8 2.8.3 44.00 478.00 522.00 OK
r-patched-linux-x86_64 2.8.3 24.43 485.18 509.61 NOTE
r-patched-solaris-x86 2.8.3 821.50 NOTE
r-release-linux-x86_64 2.8.3 24.61 461.06 485.67 NOTE
r-release-windows-ix86+x86_64 2.8.3 64.00 610.00 674.00 OK
r-release-osx-x86_64 2.8.3 OK
r-oldrel-windows-ix86+x86_64 2.8.3 44.00 558.00 602.00 OK
r-oldrel-osx-x86_64 2.8.3 OK

Check Details

Version: 2.8.3
Check: package dependencies
Result: NOTE
    Package suggested but not available for checking: 'Zelig'
Flavors: r-devel-linux-x86_64-debian-clang, r-devel-linux-x86_64-debian-gcc, r-devel-linux-x86_64-fedora-clang, r-devel-linux-x86_64-fedora-gcc, r-patched-solaris-x86, r-release-linux-x86_64

Version: 2.8.3
Check: package dependencies
Result: NOTE
    Packages suggested but not available for checking: 'rstanarm', 'Zelig'
Flavor: r-patched-linux-x86_64