Last updated on 2022-08-12 10:52:31 CEST.
Flavor | Version | Tinstall | Tcheck | Ttotal | Status | Flags |
---|---|---|---|---|---|---|
r-devel-linux-x86_64-debian-clang | 3.12-66 | 326.90 | 375.56 | 702.46 | OK | |
r-devel-linux-x86_64-debian-gcc | 3.12-66 | 279.18 | 278.76 | 557.94 | OK | |
r-devel-linux-x86_64-fedora-clang | 3.12-66 | 989.94 | NOTE | |||
r-devel-linux-x86_64-fedora-gcc | 3.12-66 | 949.36 | OK | |||
r-devel-windows-x86_64 | 3.12-66 | 474.00 | 417.00 | 891.00 | NOTE | |
r-patched-linux-x86_64 | 3.12-66 | 309.29 | 358.24 | 667.53 | OK | |
r-release-linux-x86_64 | 3.12-66 | 304.69 | 357.84 | 662.53 | OK | |
r-release-macos-arm64 | 3.12-66 | 231.00 | NOTE | |||
r-release-macos-x86_64 | 3.12-66 | 274.00 | NOTE | |||
r-release-windows-x86_64 | 3.12-66 | 438.00 | 435.00 | 873.00 | NOTE | |
r-oldrel-macos-arm64 | 3.12-66 | 209.00 | NOTE | |||
r-oldrel-macos-x86_64 | 3.12-66 | 264.00 | NOTE | |||
r-oldrel-windows-ix86+x86_64 | 3.12-66 | 792.00 | 514.00 | 1306.00 | NOTE |
Version: 3.12-66
Check: installed package size
Result: NOTE
installed size is 5.1Mb
sub-directories of 1Mb or more:
R 2.1Mb
Flavors: r-devel-linux-x86_64-fedora-clang, r-devel-windows-x86_64, r-release-macos-arm64, r-release-macos-x86_64, r-release-windows-x86_64, r-oldrel-macos-arm64, r-oldrel-macos-x86_64, r-oldrel-windows-ix86+x86_64