Last updated on 2024-05-11 10:48:47 CEST.
Flavor | Version | Tinstall | Tcheck | Ttotal | Status | Flags |
---|---|---|---|---|---|---|
r-devel-linux-x86_64-debian-clang | 4.1-15 | 391.59 | 420.08 | 811.67 | OK | |
r-devel-linux-x86_64-debian-gcc | 4.1-15 | 294.05 | 295.32 | 589.37 | OK | |
r-devel-linux-x86_64-fedora-clang | 4.1-15 | 1095.53 | NOTE | |||
r-devel-linux-x86_64-fedora-gcc | 4.1-15 | 1133.04 | OK | |||
r-devel-windows-x86_64 | 4.1-15 | 295.00 | 345.00 | 640.00 | NOTE | |
r-patched-linux-x86_64 | 4.1-15 | 397.92 | 391.39 | 789.31 | OK | |
r-release-linux-x86_64 | 4.1-15 | 379.16 | 407.91 | 787.07 | OK | |
r-release-macos-arm64 | 4.1-15 | 186.00 | NOTE | |||
r-release-macos-x86_64 | 4.1-15 | 422.00 | NOTE | |||
r-release-windows-x86_64 | 4.1-15 | 293.00 | 343.00 | 636.00 | NOTE | |
r-oldrel-macos-arm64 | 4.1-15 | 201.00 | NOTE | |||
r-oldrel-macos-x86_64 | 4.1-15 | 400.00 | NOTE | |||
r-oldrel-windows-x86_64 | 4.1-15 | 365.00 | 434.00 | 799.00 | NOTE |
Version: 4.1-15
Check: installed package size
Result: NOTE
installed size is 5.2Mb
sub-directories of 1Mb or more:
R 2.2Mb
Flavors: r-devel-linux-x86_64-fedora-clang, r-devel-windows-x86_64, r-release-macos-arm64, r-release-macos-x86_64, r-release-windows-x86_64, r-oldrel-macos-arm64, r-oldrel-macos-x86_64, r-oldrel-windows-x86_64