Last updated on 2023-02-08 10:57:41 CET.
Flavor | Version | Tinstall | Tcheck | Ttotal | Status | Flags |
---|---|---|---|---|---|---|
r-devel-linux-x86_64-debian-clang | 0.1.1 | 56.08 | 150.73 | 206.81 | NOTE | |
r-devel-linux-x86_64-debian-gcc | 0.1.1 | 43.58 | 118.03 | 161.61 | NOTE | |
r-devel-linux-x86_64-fedora-clang | 0.1.1 | 254.60 | NOTE | |||
r-devel-linux-x86_64-fedora-gcc | 0.1.1 | 277.11 | NOTE | |||
r-devel-windows-x86_64 | 0.1.1 | 64.00 | 197.00 | 261.00 | NOTE | |
r-patched-linux-x86_64 | 0.1.1 | 33.47 | 133.58 | 167.05 | OK | |
r-release-linux-x86_64 | 0.1.1 | 39.64 | 134.74 | 174.38 | OK | |
r-release-macos-arm64 | 0.1.1 | 68.00 | NOTE | |||
r-release-macos-x86_64 | 0.1.1 | 93.00 | NOTE | |||
r-release-windows-x86_64 | 0.1.1 | 60.00 | 207.00 | 267.00 | OK | |
r-oldrel-macos-arm64 | 0.1.1 | 64.00 | NOTE | |||
r-oldrel-macos-x86_64 | 0.1.1 | 101.00 | NOTE | |||
r-oldrel-windows-ix86+x86_64 | 0.1.1 | 128.00 | 238.00 | 366.00 | NOTE |
Version: 0.1.1
Check: C++ specification
Result: NOTE
Specified C++11: please update to current default of C++17
Flavors: r-devel-linux-x86_64-debian-clang, r-devel-windows-x86_64
Version: 0.1.1
Check: C++ specification
Result: NOTE
Specified C++11: please drop specification unless essential
Flavors: r-devel-linux-x86_64-debian-gcc, r-devel-linux-x86_64-fedora-clang, r-devel-linux-x86_64-fedora-gcc
Version: 0.1.1
Check: installed package size
Result: NOTE
installed size is 5.5Mb
sub-directories of 1Mb or more:
data 2.3Mb
libs 2.9Mb
Flavors: r-release-macos-arm64, r-release-macos-x86_64, r-oldrel-macos-arm64, r-oldrel-macos-x86_64, r-oldrel-windows-ix86+x86_64