CRAN Package Check Results for Package simodels

Last updated on 2022-09-26 10:51:25 CEST.

Flavor Version Tinstall Tcheck Ttotal Status Flags
r-devel-linux-x86_64-debian-clang 0.0.5 3.92 92.96 96.88 OK
r-devel-linux-x86_64-debian-gcc 0.0.5 2.61 69.20 71.81 OK
r-devel-linux-x86_64-fedora-clang 0.0.5 120.44 NOTE
r-devel-linux-x86_64-fedora-gcc 0.0.5 118.32 NOTE
r-devel-windows-x86_64 0.0.5 20.00 134.00 154.00 OK
r-patched-linux-x86_64 0.0.5 3.61 86.48 90.09 OK
r-release-linux-x86_64 0.0.5 2.55 85.91 88.46 OK
r-release-macos-arm64 0.0.5 42.00 NOTE
r-release-macos-x86_64 0.0.5 56.00 NOTE
r-release-windows-x86_64 0.0.5 21.00 135.00 156.00 OK
r-oldrel-macos-arm64 0.0.5 40.00 NOTE
r-oldrel-macos-x86_64 0.0.5 62.00 NOTE
r-oldrel-windows-ix86+x86_64 0.0.5 8.00 129.00 137.00 OK

Check Details

Version: 0.0.5
Check: data for non-ASCII characters
Result: NOTE
     Note: found 1 marked UTF-8 string
Flavors: r-devel-linux-x86_64-fedora-clang, r-devel-linux-x86_64-fedora-gcc, r-release-macos-arm64, r-release-macos-x86_64, r-oldrel-macos-arm64, r-oldrel-macos-x86_64