Last updated on 2024-04-25 08:00:07 CEST.
Flavor | Version | Tinstall | Tcheck | Ttotal | Status | Flags |
---|---|---|---|---|---|---|
r-devel-linux-x86_64-debian-clang | 0.7.1 | 9.91 | 121.07 | 130.98 | NOTE | |
r-devel-linux-x86_64-debian-gcc | 0.7.1 | 6.30 | 87.41 | 93.71 | NOTE | |
r-devel-linux-x86_64-fedora-clang | 0.7.1 | 158.90 | NOTE | |||
r-devel-linux-x86_64-fedora-gcc | 0.7.1 | 163.51 | NOTE | |||
r-devel-windows-x86_64 | 0.7.1 | 12.00 | 102.00 | 114.00 | NOTE | |
r-patched-linux-x86_64 | 0.7.1 | 7.88 | 113.14 | 121.02 | NOTE | |
r-release-linux-x86_64 | 0.7.1 | 5.35 | 115.70 | 121.05 | OK | |
r-release-macos-arm64 | 0.7.1 | 51.00 | NOTE | |||
r-release-windows-x86_64 | 0.7.1 | 9.00 | 104.00 | 113.00 | NOTE | |
r-oldrel-macos-arm64 | 0.7.1 | 59.00 | OK | |||
r-oldrel-macos-x86_64 | 0.7.1 | 93.00 | OK | |||
r-oldrel-windows-x86_64 | 0.7.1 | 13.00 | 128.00 | 141.00 | OK |
Version: 0.7.1
Check: Rd files
Result: NOTE
checkRd: (-1) inlandwaters.Rd:14: Lost braces in \itemize; meant \describe ?
checkRd: (-1) inlandwaters.Rd:15: Lost braces in \itemize; meant \describe ?
checkRd: (-1) inlandwaters.Rd:16: Lost braces in \itemize; meant \describe ?
checkRd: (-1) inlandwaters.Rd:17: Lost braces in \itemize; meant \describe ?
checkRd: (-1) inlandwaters.Rd:18: Lost braces in \itemize; meant \describe ?
checkRd: (-1) inlandwaters.Rd:19: Lost braces in \itemize; meant \describe ?
Flavors: r-devel-linux-x86_64-debian-clang, r-devel-linux-x86_64-debian-gcc, r-devel-linux-x86_64-fedora-clang, r-devel-linux-x86_64-fedora-gcc, r-devel-windows-x86_64, r-patched-linux-x86_64, r-release-macos-arm64, r-release-windows-x86_64