Last updated on 2023-02-08 10:57:41 CET.
Flavor | Version | Tinstall | Tcheck | Ttotal | Status | Flags |
---|---|---|---|---|---|---|
r-devel-linux-x86_64-debian-clang | 0.1.2 | 2.95 | 46.54 | 49.49 | NOTE | |
r-devel-linux-x86_64-debian-gcc | 0.1.2 | 2.60 | 36.24 | 38.84 | NOTE | |
r-devel-linux-x86_64-fedora-clang | 0.1.2 | 60.39 | NOTE | |||
r-devel-linux-x86_64-fedora-gcc | 0.1.2 | 71.36 | NOTE | |||
r-devel-windows-x86_64 | 0.1.2 | 9.00 | 75.00 | 84.00 | NOTE | |
r-patched-linux-x86_64 | 0.1.2 | 2.87 | 45.62 | 48.49 | NOTE | |
r-release-linux-x86_64 | 0.1.2 | 3.21 | 45.88 | 49.09 | NOTE | |
r-release-macos-arm64 | 0.1.2 | 27.00 | NOTE | |||
r-release-macos-x86_64 | 0.1.2 | 34.00 | NOTE | |||
r-release-windows-x86_64 | 0.1.2 | 9.00 | 81.00 | 90.00 | NOTE | |
r-oldrel-macos-arm64 | 0.1.2 | 43.00 | NOTE | |||
r-oldrel-macos-x86_64 | 0.1.2 | 40.00 | NOTE | |||
r-oldrel-windows-ix86+x86_64 | 0.1.2 | 7.00 | 73.00 | 80.00 | NOTE |
Version: 0.1.2
Check: LazyData
Result: NOTE
'LazyData' is specified without a 'data' directory
Flavors: r-devel-linux-x86_64-debian-clang, r-devel-linux-x86_64-debian-gcc, r-devel-linux-x86_64-fedora-clang, r-devel-linux-x86_64-fedora-gcc, r-devel-windows-x86_64, r-patched-linux-x86_64, r-release-linux-x86_64, r-release-macos-arm64, r-release-macos-x86_64, r-release-windows-x86_64, r-oldrel-macos-arm64, r-oldrel-macos-x86_64, r-oldrel-windows-ix86+x86_64