Last updated on 2024-04-23 10:54:17 CEST.
Flavor | Version | Tinstall | Tcheck | Ttotal | Status | Flags |
---|---|---|---|---|---|---|
r-devel-linux-x86_64-debian-clang | 2.3.0 | 55.29 | 261.35 | 316.64 | NOTE | |
r-devel-linux-x86_64-debian-gcc | 2.3.0 | 40.97 | 193.20 | 234.17 | OK | |
r-devel-linux-x86_64-fedora-clang | 2.3.0 | 420.57 | OK | |||
r-devel-linux-x86_64-fedora-gcc | 2.3.0 | 415.09 | OK | |||
r-prerel-macos-arm64 | 2.3.0 | 105.00 | NOTE | |||
r-prerel-macos-x86_64 | 2.3.0 | 185.00 | NOTE | |||
r-prerel-windows-x86_64 | 2.3.0 | 47.00 | 222.00 | 269.00 | NOTE | |
r-patched-linux-x86_64 | 2.3.0 | 46.14 | 258.85 | 304.99 | OK | |
r-release-linux-x86_64 | 2.3.0 | 51.07 | 253.83 | 304.90 | OK | |
r-release-macos-arm64 | 2.3.0 | 77.00 | NOTE | |||
r-release-macos-x86_64 | 2.3.0 | 116.00 | NOTE | |||
r-release-windows-x86_64 | 2.3.0 | 60.00 | 297.00 | 357.00 | NOTE | |
r-oldrel-macos-arm64 | 2.3.0 | 77.00 | NOTE | |||
r-oldrel-windows-x86_64 | 2.3.0 | 61.00 | 272.00 | 333.00 | NOTE |
Version: 2.3.0
Check: package dependencies
Result: NOTE
Packages suggested but not available for checking:
'Biostrings', 'BSgenome', 'BSgenome.Hsapiens.UCSC.hg19',
'GenomicRanges'
Flavor: r-devel-linux-x86_64-debian-clang
Version: 2.3.0
Check: package dependencies
Result: NOTE
Package suggested but not available for checking: ‘BSgenome.Hsapiens.UCSC.hg19’
Flavors: r-prerel-macos-arm64, r-prerel-macos-x86_64, r-release-macos-arm64, r-release-macos-x86_64, r-oldrel-macos-arm64
Version: 2.3.0
Check: installed package size
Result: NOTE
installed size is 5.5Mb
sub-directories of 1Mb or more:
extdata 1.0Mb
help 1.7Mb
Flavors: r-prerel-macos-arm64, r-prerel-macos-x86_64, r-prerel-windows-x86_64, r-release-macos-arm64, r-release-macos-x86_64, r-release-windows-x86_64, r-oldrel-macos-arm64, r-oldrel-windows-x86_64