CRAN Package Check Results for Package sicegar

Last updated on 2022-09-29 09:55:43 CEST.

Flavor Version Tinstall Tcheck Ttotal Status Flags
r-devel-linux-x86_64-debian-clang 0.2.4 2.83 95.05 97.88 OK
r-devel-linux-x86_64-debian-gcc 0.2.4 2.38 69.42 71.80 OK
r-devel-linux-x86_64-fedora-clang 0.2.4 134.34 NOTE
r-devel-linux-x86_64-fedora-gcc 0.2.4 122.67 NOTE
r-devel-windows-x86_64 0.2.4 25.00 133.00 158.00 OK
r-patched-linux-x86_64 0.2.4 3.12 89.12 92.24 OK
r-release-linux-x86_64 0.2.4 2.98 89.94 92.92 OK
r-release-macos-arm64 0.2.4 35.00 NOTE
r-release-macos-x86_64 0.2.4 68.00 NOTE
r-release-windows-x86_64 0.2.4 25.00 134.00 159.00 OK
r-oldrel-macos-arm64 0.2.4 54.00 NOTE
r-oldrel-macos-x86_64 0.2.4 70.00 NOTE
r-oldrel-windows-ix86+x86_64 0.2.4 9.00 136.00 145.00 OK

Check Details

Version: 0.2.4
Check: dependencies in R code
Result: NOTE
    Namespace in Imports field not imported from: ‘dplyr’
     All declared Imports should be used.
Flavors: r-devel-linux-x86_64-fedora-clang, r-devel-linux-x86_64-fedora-gcc, r-release-macos-arm64, r-release-macos-x86_64, r-oldrel-macos-arm64, r-oldrel-macos-x86_64