CRAN Package Check Results for Package shinystan

Last updated on 2022-09-29 09:55:43 CEST.

Flavor Version Tinstall Tcheck Ttotal Status Flags
r-devel-linux-x86_64-debian-clang 2.6.0 10.85 146.22 157.07 NOTE
r-devel-linux-x86_64-debian-gcc 2.6.0 10.40 109.05 119.45 NOTE
r-devel-linux-x86_64-fedora-clang 2.6.0 210.75 NOTE
r-devel-linux-x86_64-fedora-gcc 2.6.0 200.02 NOTE
r-devel-windows-x86_64 2.6.0 93.00 178.00 271.00 NOTE
r-patched-linux-x86_64 2.6.0 13.89 136.85 150.74 NOTE
r-release-linux-x86_64 2.6.0 11.95 138.22 150.17 NOTE
r-release-macos-arm64 2.6.0 56.00 NOTE
r-release-macos-x86_64 2.6.0 98.00 NOTE
r-release-windows-x86_64 2.6.0 172.00 187.00 359.00 NOTE
r-oldrel-macos-arm64 2.6.0 53.00 NOTE
r-oldrel-macos-x86_64 2.6.0 72.00 NOTE
r-oldrel-windows-ix86+x86_64 2.6.0 35.00 174.00 209.00 NOTE

Check Details

Version: 2.6.0
Check: package dependencies
Result: NOTE
    Package suggested but not available for checking: 'cmdstanr'
Flavors: r-devel-linux-x86_64-debian-clang, r-devel-linux-x86_64-debian-gcc, r-devel-linux-x86_64-fedora-clang, r-devel-linux-x86_64-fedora-gcc, r-devel-windows-x86_64, r-patched-linux-x86_64, r-release-linux-x86_64, r-release-macos-arm64, r-release-macos-x86_64, r-release-windows-x86_64, r-oldrel-macos-arm64, r-oldrel-macos-x86_64, r-oldrel-windows-ix86+x86_64