Last updated on 2024-03-27 10:09:40 CET.
Flavor | Version | Tinstall | Tcheck | Ttotal | Status | Flags |
---|---|---|---|---|---|---|
r-devel-linux-x86_64-debian-clang | 0.3.0 | 17.84 | 145.23 | 163.07 | OK | |
r-devel-linux-x86_64-debian-gcc | 0.3.0 | 14.06 | 109.87 | 123.93 | OK | |
r-devel-linux-x86_64-fedora-clang | 0.3.0 | 212.28 | NOTE | |||
r-devel-linux-x86_64-fedora-gcc | 0.3.0 | 222.56 | ERROR | |||
r-devel-windows-x86_64 | 0.3.0 | 17.00 | 125.00 | 142.00 | OK | |
r-patched-linux-x86_64 | 0.3.0 | 10.63 | 139.43 | 150.06 | OK | |
r-release-linux-x86_64 | 0.3.0 | 11.70 | 142.42 | 154.12 | OK | |
r-release-macos-arm64 | 0.3.0 | 71.00 | OK | |||
r-release-macos-x86_64 | 0.3.0 | 123.00 | OK | |||
r-release-windows-x86_64 | 0.3.0 | 21.00 | 154.00 | 175.00 | OK | |
r-oldrel-macos-arm64 | 0.3.0 | 62.00 | NOTE | |||
r-oldrel-windows-x86_64 | 0.3.0 | 22.00 | 158.00 | 180.00 | OK |
Version: 0.3.0
Check: dependencies in R code
Result: NOTE
Namespaces in Imports field not imported from:
‘e1071’ ‘knitr’
All declared Imports should be used.
Flavors: r-devel-linux-x86_64-fedora-clang, r-devel-linux-x86_64-fedora-gcc, r-oldrel-macos-arm64
Version: 0.3.0
Check: re-building of vignette outputs
Result: ERROR
Error(s) in re-building vignettes:
--- re-building ‘how_simple_is_data_analysis_with_shinyr.Rmd’ using knitr
Failed to parse YAML:
title: "shinyr: Data Insights Through Inbuilt R Shiny App"
output: rmarkdown::html_vignette
%\VignetteEngine{knitr::knitr}
^~~~~~
%\VignetteIndexEntry{shinyr: Data Insights Through Inbuilt R Shiny App}
%\usepackage[utf8]{inputenc}
Error: processing vignette 'how_simple_is_data_analysis_with_shinyr.Rmd' failed with diagnostics:
Scanner error: while scanning a directive at line 3, column 1 could not find expected directive name at line 3, column 2
--- failed re-building ‘how_simple_is_data_analysis_with_shinyr.Rmd’
--- re-building ‘shiny_app.Rmd’ using knitr
Failed to parse YAML:
title: "shinyr - Basic Example"
runtime: shiny
output: rmarkdown::html_vignette
%\VignetteEngine{knitr::knitr}
^~~~~~
%\VignetteIndexEntry{shinyr - Basic Example}
%\usepackage[utf8]{inputenc}
Error: processing vignette 'shiny_app.Rmd' failed with diagnostics:
Scanner error: while scanning a directive at line 4, column 1 could not find expected directive name at line 4, column 2
--- failed re-building ‘shiny_app.Rmd’
--- re-building ‘shinyr_function_usage.Rmd’ using knitr
Failed to parse YAML:
title: shinyr - an R package to build analytics dashboard automatically
output: rmarkdown::html_vignette
%\VignetteEngine{knitr::knitr}
^~~~~~
%\VignetteIndexEntry{shinyr - an R package to build analytics dashboard automatically}
%\usepackage[utf8]{inputenc}
Error: processing vignette 'shinyr_function_usage.Rmd' failed with diagnostics:
Scanner error: while scanning a directive at line 3, column 1 could not find expected directive name at line 3, column 2
--- failed re-building ‘shinyr_function_usage.Rmd’
SUMMARY: processing the following files failed:
‘how_simple_is_data_analysis_with_shinyr.Rmd’ ‘shiny_app.Rmd’
‘shinyr_function_usage.Rmd’
Error: Vignette re-building failed.
Execution halted
Flavor: r-devel-linux-x86_64-fedora-gcc