CRAN Package Check Results for Package shinypivottabler

Last updated on 2022-08-07 09:54:10 CEST.

Flavor Version Tinstall Tcheck Ttotal Status Flags
r-devel-linux-x86_64-debian-clang 1.0 8.60 65.22 73.82 NOTE
r-devel-linux-x86_64-debian-gcc 1.0 6.23 48.93 55.16 NOTE
r-devel-linux-x86_64-fedora-clang 1.0 98.01 NOTE
r-devel-linux-x86_64-fedora-gcc 1.0 94.25 NOTE
r-devel-windows-x86_64 1.0 40.00 87.00 127.00 NOTE
r-patched-linux-x86_64 1.0 5.24 62.23 67.47 NOTE
r-release-linux-x86_64 1.0 5.10 64.67 69.77 NOTE
r-release-macos-arm64 1.0 28.00 NOTE
r-release-macos-x86_64 1.0 47.00 NOTE
r-release-windows-x86_64 1.0 40.00 86.00 126.00 NOTE
r-oldrel-macos-arm64 1.0 35.00 NOTE
r-oldrel-macos-x86_64 1.0 46.00 NOTE
r-oldrel-windows-ix86+x86_64 1.0 20.00 82.00 102.00 NOTE

Check Details

Version: 1.0
Check: LazyData
Result: NOTE
     'LazyData' is specified without a 'data' directory
Flavors: r-devel-linux-x86_64-debian-clang, r-devel-linux-x86_64-debian-gcc, r-devel-linux-x86_64-fedora-clang, r-devel-linux-x86_64-fedora-gcc, r-devel-windows-x86_64, r-patched-linux-x86_64, r-release-linux-x86_64, r-release-macos-arm64, r-release-macos-x86_64, r-release-windows-x86_64, r-oldrel-macos-arm64, r-oldrel-macos-x86_64, r-oldrel-windows-ix86+x86_64

Version: 1.0
Check: dependencies in R code
Result: NOTE
    Namespace in Imports field not imported from: ‘htmltools’
     All declared Imports should be used.
Flavors: r-devel-linux-x86_64-fedora-clang, r-devel-linux-x86_64-fedora-gcc, r-release-macos-arm64, r-release-macos-x86_64, r-oldrel-macos-arm64, r-oldrel-macos-x86_64