Last updated on 2023-02-06 09:55:57 CET.
Flavor | Version | Tinstall | Tcheck | Ttotal | Status | Flags |
---|---|---|---|---|---|---|
r-devel-linux-x86_64-debian-clang | 1.1.0 | 1.51 | 21.09 | 22.60 | NOTE | |
r-devel-linux-x86_64-debian-gcc | 1.1.0 | 1.67 | 16.51 | 18.18 | NOTE | |
r-devel-linux-x86_64-fedora-clang | 1.1.0 | 29.74 | NOTE | |||
r-devel-linux-x86_64-fedora-gcc | 1.1.0 | 28.55 | NOTE | |||
r-devel-windows-x86_64 | 1.1.0 | 14.00 | 50.00 | 64.00 | NOTE | |
r-patched-linux-x86_64 | 1.1.0 | 1.46 | 20.96 | 22.42 | NOTE | |
r-release-linux-x86_64 | 1.1.0 | 1.45 | 21.86 | 23.31 | NOTE | |
r-release-macos-arm64 | 1.1.0 | 14.00 | NOTE | |||
r-release-macos-x86_64 | 1.1.0 | 30.00 | NOTE | |||
r-release-windows-x86_64 | 1.1.0 | 9.00 | 52.00 | 61.00 | NOTE | |
r-oldrel-macos-arm64 | 1.1.0 | 19.00 | NOTE | |||
r-oldrel-macos-x86_64 | 1.1.0 | 23.00 | NOTE | |||
r-oldrel-windows-ix86+x86_64 | 1.1.0 | 6.00 | 48.00 | 54.00 | NOTE |
Version: 1.1.0
Check: LazyData
Result: NOTE
'LazyData' is specified without a 'data' directory
Flavors: r-devel-linux-x86_64-debian-clang, r-devel-linux-x86_64-debian-gcc, r-devel-linux-x86_64-fedora-clang, r-devel-linux-x86_64-fedora-gcc, r-devel-windows-x86_64, r-patched-linux-x86_64, r-release-linux-x86_64, r-release-macos-arm64, r-release-macos-x86_64, r-release-windows-x86_64, r-oldrel-macos-arm64, r-oldrel-macos-x86_64, r-oldrel-windows-ix86+x86_64
Version: 1.1.0
Check: dependencies in R code
Result: NOTE
Namespace in Imports field not imported from: ‘httr’
All declared Imports should be used.
Flavors: r-devel-linux-x86_64-fedora-clang, r-devel-linux-x86_64-fedora-gcc, r-release-macos-arm64, r-release-macos-x86_64, r-oldrel-macos-arm64, r-oldrel-macos-x86_64