Last updated on 2024-03-28 10:49:48 CET.
Flavor | Version | Tinstall | Tcheck | Ttotal | Status | Flags |
---|---|---|---|---|---|---|
r-devel-linux-x86_64-debian-clang | 3.0.0 | 1.68 | 21.32 | 23.00 | NOTE | |
r-devel-linux-x86_64-debian-gcc | 3.0.0 | 1.81 | 17.41 | 19.22 | NOTE | |
r-devel-linux-x86_64-fedora-clang | 3.0.0 | 30.69 | NOTE | |||
r-devel-linux-x86_64-fedora-gcc | 3.0.0 | 29.43 | NOTE | |||
r-devel-windows-x86_64 | 3.0.0 | 3.00 | 39.00 | 42.00 | NOTE | |
r-patched-linux-x86_64 | 3.0.0 | 2.74 | 21.66 | 24.40 | NOTE | |
r-release-linux-x86_64 | 3.0.0 | 2.16 | 21.33 | 23.49 | OK | |
r-release-macos-arm64 | 3.0.0 | 17.00 | OK | |||
r-release-macos-x86_64 | 3.0.0 | 20.00 | OK | |||
r-release-windows-x86_64 | 3.0.0 | 4.00 | 38.00 | 42.00 | OK | |
r-oldrel-macos-arm64 | 3.0.0 | 16.00 | NOTE | |||
r-oldrel-windows-x86_64 | 3.0.0 | 5.00 | 45.00 | 50.00 | OK |
Version: 3.0.0
Check: Rd files
Result: NOTE
checkRd: (-1) shinyalert.Rd:159: Lost braces; missing escapes or markup?
159 | Modals created with {shinyalert} have a return value when they exit.
| ^
checkRd: (-1) shinyalert.Rd:180: Lost braces; missing escapes or markup?
180 | For example, using the following {shinyalert} code will result in a modal with
| ^
checkRd: (-1) useShinyalert.Rd:21: Lost braces; missing escapes or markup?
21 | The first time a {shinyalert} message is shown, the required scripts are
| ^
checkRd: (-1) useShinyalert.Rd:12: Lost braces; missing escapes or markup?
12 | \item{force}{Set to \code{TRUE} to force pre-loading the {shinyalert} scripts. If
| ^
Flavors: r-devel-linux-x86_64-debian-clang, r-devel-linux-x86_64-debian-gcc, r-devel-linux-x86_64-fedora-clang, r-devel-linux-x86_64-fedora-gcc, r-devel-windows-x86_64, r-patched-linux-x86_64
Version: 3.0.0
Check: dependencies in R code
Result: NOTE
Namespace in Imports field not imported from: ‘stats’
All declared Imports should be used.
Flavors: r-devel-linux-x86_64-fedora-clang, r-devel-linux-x86_64-fedora-gcc, r-oldrel-macos-arm64