Last updated on 2023-02-06 09:55:57 CET.
Flavor | Version | Tinstall | Tcheck | Ttotal | Status | Flags |
---|---|---|---|---|---|---|
r-devel-linux-x86_64-debian-clang | 0.8.6 | 9.96 | 60.40 | 70.36 | OK | |
r-devel-linux-x86_64-debian-gcc | 0.8.6 | 8.07 | 46.60 | 54.67 | OK | |
r-devel-linux-x86_64-fedora-clang | 0.8.6 | 86.75 | NOTE | |||
r-devel-linux-x86_64-fedora-gcc | 0.8.6 | 85.21 | NOTE | |||
r-devel-windows-x86_64 | 0.8.6 | 28.00 | 92.00 | 120.00 | OK | |
r-patched-linux-x86_64 | 0.8.6 | 6.82 | 61.53 | 68.35 | OK | |
r-release-linux-x86_64 | 0.8.6 | 6.61 | 62.03 | 68.64 | OK | |
r-release-macos-arm64 | 0.8.6 | 31.00 | NOTE | |||
r-release-macos-x86_64 | 0.8.6 | 41.00 | NOTE | |||
r-release-windows-x86_64 | 0.8.6 | 30.00 | 98.00 | 128.00 | OK |
Version: 0.8.6
Check: data for non-ASCII characters
Result: NOTE
Note: found 2 marked UTF-8 strings
Flavors: r-devel-linux-x86_64-fedora-clang, r-devel-linux-x86_64-fedora-gcc, r-release-macos-arm64, r-release-macos-x86_64