CRAN Package Check Results for Package sharpshootR

Last updated on 2020-08-03 10:05:08 CEST.

Flavor Version Tinstall Tcheck Ttotal Status Flags
r-devel-linux-x86_64-debian-clang 1.6 20.23 166.72 186.95 NOTE
r-devel-linux-x86_64-debian-gcc 1.6 18.38 123.79 142.17 NOTE
r-devel-linux-x86_64-fedora-clang 1.6 226.93 NOTE
r-devel-linux-x86_64-fedora-gcc 1.6 215.32 NOTE
r-devel-windows-ix86+x86_64 1.6 63.00 163.00 226.00 NOTE
r-patched-linux-x86_64 1.6 13.06 158.87 171.93 NOTE
r-patched-solaris-x86 1.6 314.30 NOTE
r-release-linux-x86_64 1.6 16.64 159.52 176.16 NOTE
r-release-macos-x86_64 1.6 NOTE
r-release-windows-ix86+x86_64 1.6 69.00 189.00 258.00 NOTE
r-oldrel-macos-x86_64 1.6 NOTE
r-oldrel-windows-ix86+x86_64 1.6 34.00 185.00 219.00 NOTE

Check Details

Version: 1.6
Check: package dependencies
Result: NOTE
    Package suggested but not available for checking: 'hydromad'
Flavors: r-devel-linux-x86_64-debian-clang, r-devel-linux-x86_64-debian-gcc, r-devel-linux-x86_64-fedora-clang, r-devel-linux-x86_64-fedora-gcc, r-devel-windows-ix86+x86_64, r-patched-linux-x86_64, r-patched-solaris-x86, r-release-linux-x86_64, r-release-macos-x86_64, r-release-windows-ix86+x86_64, r-oldrel-macos-x86_64, r-oldrel-windows-ix86+x86_64