CRAN Package Check Results for Package shapr

Last updated on 2022-01-17 09:56:11 CET.

Flavor Version Tinstall Tcheck Ttotal Status Flags
r-devel-linux-x86_64-debian-clang 0.2.0 76.54 160.02 236.56 NOTE
r-devel-linux-x86_64-debian-gcc 0.2.0 57.93 122.33 180.26 NOTE
r-devel-linux-x86_64-fedora-clang 0.2.0 290.40 NOTE
r-devel-linux-x86_64-fedora-gcc 0.2.0 252.94 NOTE
r-devel-windows-x86_64-new-UL 0.2.0 93.00 164.00 257.00 NOTE
r-devel-windows-x86_64-new-TK 0.2.0 NOTE
r-patched-linux-x86_64 0.2.0 68.75 138.82 207.57 NOTE
r-release-linux-x86_64 0.2.0 NOTE
r-release-macos-arm64 0.2.0 NOTE
r-release-macos-x86_64 0.2.0 NOTE
r-release-windows-ix86+x86_64 0.2.0 204.00 204.00 408.00 NOTE
r-oldrel-macos-x86_64 0.2.0 OK
r-oldrel-windows-ix86+x86_64 0.2.0 206.00 207.00 413.00 OK

Check Details

Version: 0.2.0
Check: LazyData
Result: NOTE
     'LazyData' is specified without a 'data' directory
Flavors: r-devel-linux-x86_64-debian-clang, r-devel-linux-x86_64-debian-gcc, r-devel-linux-x86_64-fedora-clang, r-devel-linux-x86_64-fedora-gcc, r-devel-windows-x86_64-new-UL, r-devel-windows-x86_64-new-TK, r-patched-linux-x86_64, r-release-linux-x86_64, r-release-macos-arm64, r-release-macos-x86_64, r-release-windows-ix86+x86_64