Last updated on 2023-02-07 10:54:10 CET.
Flavor | Version | Tinstall | Tcheck | Ttotal | Status | Flags |
---|---|---|---|---|---|---|
r-devel-linux-x86_64-debian-clang | 1.2.3 | 3.49 | 192.66 | 196.15 | OK | |
r-devel-linux-x86_64-debian-gcc | 1.2.3 | 3.08 | 138.81 | 141.89 | OK | |
r-devel-linux-x86_64-fedora-clang | 1.2.3 | 240.76 | OK | |||
r-devel-linux-x86_64-fedora-gcc | 1.2.3 | 247.65 | OK | |||
r-devel-windows-x86_64 | 1.2.3 | 28.00 | 226.00 | 254.00 | OK | |
r-patched-linux-x86_64 | 1.2.3 | 4.59 | 180.10 | 184.69 | OK | |
r-release-linux-x86_64 | 1.2.3 | 2.79 | 180.90 | 183.69 | OK | |
r-release-macos-arm64 | 1.2.3 | 69.00 | OK | |||
r-release-macos-x86_64 | 1.2.3 | 73.00 | NOTE | |||
r-release-windows-x86_64 | 1.2.3 | 34.00 | 230.00 | 264.00 | OK | |
r-oldrel-macos-arm64 | 1.2.3 | 62.00 | OK | |||
r-oldrel-macos-x86_64 | 1.2.3 | 61.00 | NOTE | |||
r-oldrel-windows-ix86+x86_64 | 1.2.3 | 10.00 | 241.00 | 251.00 | OK |
Version: 1.2.3
Check: package dependencies
Result: NOTE
Package suggested but not available for checking: ‘airway’
Flavors: r-release-macos-x86_64, r-oldrel-macos-x86_64