CRAN Package Check Results for Package seqest

Last updated on 2020-08-06 09:49:13 CEST.

Flavor Version Tinstall Tcheck Ttotal Status Flags
r-devel-linux-x86_64-debian-clang 1.0.1 132.78 58.10 190.88 OK
r-devel-linux-x86_64-debian-gcc 1.0.1 98.35 43.73 142.08 OK
r-devel-linux-x86_64-fedora-clang 1.0.1 266.23 NOTE
r-devel-linux-x86_64-fedora-gcc 1.0.1 236.63 OK
r-devel-windows-ix86+x86_64 1.0.1 339.00 103.00 442.00 OK
r-patched-linux-x86_64 1.0.1 99.37 55.90 155.27 OK
r-patched-solaris-x86 1.0.1 221.60 OK
r-release-linux-x86_64 1.0.1 98.65 56.36 155.01 OK
r-release-macos-x86_64 1.0.1 OK
r-release-windows-ix86+x86_64 1.0.1 323.00 151.00 474.00 OK
r-oldrel-macos-x86_64 1.0.1 OK
r-oldrel-windows-ix86+x86_64 1.0.1 220.00 125.00 345.00 OK

Check Details

Version: 1.0.1
Check: installed package size
Result: NOTE
     installed size is 5.6Mb
     sub-directories of 1Mb or more:
     libs 5.4Mb
Flavor: r-devel-linux-x86_64-fedora-clang