Last updated on 2024-04-23 10:54:17 CEST.
Flavor | Version | Tinstall | Tcheck | Ttotal | Status | Flags |
---|---|---|---|---|---|---|
r-devel-linux-x86_64-debian-clang | 1.30.0 | 147.55 | 262.01 | 409.56 | OK | |
r-devel-linux-x86_64-debian-gcc | 1.30.0 | 110.85 | 177.47 | 288.32 | OK | |
r-devel-linux-x86_64-fedora-clang | 1.30.0 | 559.37 | OK | |||
r-devel-linux-x86_64-fedora-gcc | 1.30.0 | 519.66 | OK | |||
r-prerel-macos-arm64 | 1.30.0 | 110.00 | NOTE | |||
r-prerel-windows-x86_64 | 1.30.0 | 118.00 | 217.00 | 335.00 | OK | |
r-patched-linux-x86_64 | 1.30.0 | 139.93 | 247.13 | 387.06 | OK | |
r-release-linux-x86_64 | 1.30.0 | 116.31 | 255.81 | 372.12 | OK | |
r-release-macos-arm64 | 1.30.0 | 118.00 | NOTE | |||
r-release-macos-x86_64 | 1.30.0 | 194.00 | NOTE | |||
r-release-windows-x86_64 | 1.30.0 | 149.00 | 287.00 | 436.00 | OK | |
r-oldrel-macos-arm64 | 1.30.0 | 121.00 | NOTE | |||
r-oldrel-windows-x86_64 | 1.30.0 | 140.00 | 267.00 | 407.00 | OK |
Version: 1.30.0
Check: installed package size
Result: NOTE
installed size is 5.3Mb
sub-directories of 1Mb or more:
R 2.2Mb
libs 2.4Mb
Flavors: r-prerel-macos-arm64, r-release-macos-arm64, r-release-macos-x86_64, r-oldrel-macos-arm64