Last updated on 2023-01-31 10:52:22 CET.
Flavor | Version | Tinstall | Tcheck | Ttotal | Status | Flags |
---|---|---|---|---|---|---|
r-devel-linux-x86_64-debian-clang | 1.0 | 2.11 | 22.74 | 24.85 | OK | |
r-devel-linux-x86_64-debian-gcc | 1.0 | 1.55 | 18.30 | 19.85 | OK | |
r-devel-linux-x86_64-fedora-clang | 1.0 | 31.62 | NOTE | |||
r-devel-linux-x86_64-fedora-gcc | 1.0 | 30.75 | NOTE | |||
r-devel-windows-x86_64 | 1.0 | 7.00 | 49.00 | 56.00 | OK | |
r-patched-linux-x86_64 | 1.0 | 2.21 | 23.42 | 25.63 | OK | |
r-release-linux-x86_64 | 1.0 | 2.15 | 23.07 | 25.22 | OK | |
r-release-macos-arm64 | 1.0 | 15.00 | NOTE | |||
r-release-macos-x86_64 | 1.0 | 21.00 | NOTE | |||
r-release-windows-x86_64 | 1.0 | 7.00 | 54.00 | 61.00 | OK | |
r-oldrel-macos-arm64 | 1.0 | 17.00 | NOTE | |||
r-oldrel-macos-x86_64 | 1.0 | 23.00 | NOTE | |||
r-oldrel-windows-ix86+x86_64 | 1.0 | 6.00 | 48.00 | 54.00 | OK |
Version: 1.0
Check: dependencies in R code
Result: NOTE
Namespace in Imports field not imported from: ‘MASS’
All declared Imports should be used.
Flavors: r-devel-linux-x86_64-fedora-clang, r-devel-linux-x86_64-fedora-gcc, r-release-macos-arm64, r-release-macos-x86_64, r-oldrel-macos-arm64, r-oldrel-macos-x86_64