CRAN Package Check Results for Package seer

Last updated on 2020-07-02 09:48:50 CEST.

Flavor Version Tinstall Tcheck Ttotal Status Flags
r-devel-linux-x86_64-debian-clang 1.1.5 10.32 99.22 109.54 OK
r-devel-linux-x86_64-debian-gcc 1.1.5 7.84 72.25 80.09 OK
r-devel-linux-x86_64-fedora-clang 1.1.5 134.90 NOTE
r-devel-linux-x86_64-fedora-gcc 1.1.5 128.86 NOTE
r-devel-windows-ix86+x86_64 1.1.5 34.00 106.00 140.00 OK
r-patched-linux-x86_64 1.1.5 5.96 97.70 103.66 OK
r-patched-solaris-x86 1.1.5 183.10 NOTE
r-release-linux-x86_64 1.1.5 5.77 98.13 103.90 OK
r-release-osx-x86_64 1.1.5 NOTE
r-release-windows-ix86+x86_64 1.1.5 23.00 106.00 129.00 OK
r-oldrel-osx-x86_64 1.1.5 NOTE
r-oldrel-windows-ix86+x86_64 1.1.5 28.00 130.00 158.00 OK

Check Details

Version: 1.1.5
Check: dependencies in R code
Result: NOTE
    Namespace in Imports field not imported from: ‘MASS’
     All declared Imports should be used.
Flavors: r-devel-linux-x86_64-fedora-clang, r-devel-linux-x86_64-fedora-gcc, r-patched-solaris-x86, r-release-osx-x86_64, r-oldrel-osx-x86_64