CRAN Package Check Results for Package sdmpredictors

Last updated on 2020-08-04 09:48:40 CEST.

Flavor Version Tinstall Tcheck Ttotal Status Flags
r-devel-linux-x86_64-debian-clang 0.2.8 10.09 159.21 169.30 OK
r-devel-linux-x86_64-debian-gcc 0.2.8 9.81 126.35 136.16 OK
r-devel-linux-x86_64-fedora-clang 0.2.8 211.19 OK
r-devel-linux-x86_64-fedora-gcc 0.2.8 205.46 OK
r-devel-windows-ix86+x86_64 0.2.8 29.00 160.00 189.00 OK
r-patched-linux-x86_64 0.2.8 11.28 158.85 170.13 OK
r-patched-solaris-x86 0.2.8 5.00 ERROR
r-release-linux-x86_64 0.2.8 10.69 155.86 166.55 OK
r-release-macos-x86_64 0.2.8 OK
r-release-windows-ix86+x86_64 0.2.8 25.00 220.00 245.00 OK
r-oldrel-macos-x86_64 0.2.8 OK
r-oldrel-windows-ix86+x86_64 0.2.8 15.00 178.00 193.00 OK

Check Details

Version: 0.2.8
Check: package dependencies
Result: ERROR
    Package required but not available: ‘rgdal’
    
    See section ‘The DESCRIPTION file’ in the ‘Writing R Extensions’
    manual.
Flavor: r-patched-solaris-x86