CRAN Package Check Results for Package sdcMicro

Last updated on 2020-08-07 10:07:43 CEST.

Flavor Version Tinstall Tcheck Ttotal Status Flags
r-devel-linux-x86_64-debian-clang 5.5.1 75.78 216.72 292.50 OK
r-devel-linux-x86_64-debian-gcc 5.5.1 52.80 141.43 194.23 OK
r-devel-linux-x86_64-fedora-clang 5.5.1 337.47 NOTE
r-devel-linux-x86_64-fedora-gcc 5.5.1 293.13 OK
r-devel-windows-ix86+x86_64 5.5.1 182.00 286.00 468.00 NOTE
r-patched-linux-x86_64 5.5.1 55.28 182.87 238.15 OK
r-patched-solaris-x86 5.5.1 340.70 OK
r-release-linux-x86_64 5.5.1 60.06 180.84 240.90 OK
r-release-macos-x86_64 5.5.1 OK
r-release-windows-ix86+x86_64 5.5.1 183.00 363.00 546.00 NOTE
r-oldrel-macos-x86_64 5.5.1 OK
r-oldrel-windows-ix86+x86_64 5.5.1 121.00 277.00 398.00 OK

Check Details

Version: 5.5.1
Check: installed package size
Result: NOTE
     installed size is 5.2Mb
     sub-directories of 1Mb or more:
     libs 2.2Mb
Flavors: r-devel-linux-x86_64-fedora-clang, r-devel-windows-ix86+x86_64, r-release-windows-ix86+x86_64