CRAN Package Check Results for Package sdcMicro

Last updated on 2022-08-07 09:54:10 CEST.

Flavor Version Tinstall Tcheck Ttotal Status Flags
r-devel-linux-x86_64-debian-clang 5.7.1 93.28 325.29 418.57 WARN
r-devel-linux-x86_64-debian-gcc 5.7.1 72.21 213.52 285.73 OK
r-devel-linux-x86_64-fedora-clang 5.7.1 485.51 WARN
r-devel-linux-x86_64-fedora-gcc 5.7.1 441.76 OK
r-devel-windows-x86_64 5.7.1 221.00 351.00 572.00 OK
r-patched-linux-x86_64 5.7.1 69.57 263.99 333.56 OK
r-release-linux-x86_64 5.7.1 86.35 0.02 86.37 FAIL
r-release-macos-arm64 5.7.1 87.00 WARN
r-release-macos-x86_64 5.7.1 155.00 WARN
r-release-windows-x86_64 5.7.1 203.00 346.00 549.00 OK
r-oldrel-macos-arm64 5.7.1 86.00 WARN
r-oldrel-macos-x86_64 5.7.1 154.00 WARN
r-oldrel-windows-ix86+x86_64 5.7.1 206.00 440.00 646.00 NOTE

Check Details

Version: 5.7.1
Check: whether package can be installed
Result: WARN
    Found the following significant warnings:
     recordSwap_R.cpp:63:77: warning: explicitly assigning value of variable of type 'int' to itself [-Wself-assign]
     recordSwap_R.cpp:64:73: warning: explicitly assigning value of variable of type 'int' to itself [-Wself-assign]
     recordSwap_R.cpp:65:69: warning: explicitly assigning value of variable of type 'std::string' (aka 'basic_string<char>') to itself [-Wself-assign-overloaded]
Flavors: r-devel-linux-x86_64-debian-clang, r-release-macos-arm64, r-oldrel-macos-arm64

Version: 5.7.1
Check: whether package can be installed
Result: WARN
    Found the following significant warnings:
     recordSwap_R.cpp:63:77: warning: explicitly assigning value of variable of type 'int' to itself [-Wself-assign]
     recordSwap_R.cpp:64:73: warning: explicitly assigning value of variable of type 'int' to itself [-Wself-assign]
     recordSwap_R.cpp:65:69: warning: explicitly assigning value of variable of type 'std::string' (aka 'basic_string<char, char_traits<char>, allocator<char>>') to itself [-Wself-assign-overloaded]
Flavor: r-devel-linux-x86_64-fedora-clang

Version: 5.7.1
Check: installed package size
Result: NOTE
     installed size is 6.1Mb
     sub-directories of 1Mb or more:
     libs 2.9Mb
Flavors: r-devel-linux-x86_64-fedora-clang, r-release-macos-arm64, r-release-macos-x86_64, r-oldrel-macos-arm64, r-oldrel-macos-x86_64, r-oldrel-windows-ix86+x86_64

Version: 5.7.1
Check: package dependencies
Result: FAIL
Flavor: r-release-linux-x86_64

Version: 5.7.1
Check: whether package can be installed
Result: WARN
    Found the following significant warnings:
     recordSwap_R.cpp:63:77: warning: explicitly assigning value of variable of type 'int' to itself [-Wself-assign]
     recordSwap_R.cpp:64:73: warning: explicitly assigning value of variable of type 'int' to itself [-Wself-assign]
Flavors: r-release-macos-x86_64, r-oldrel-macos-x86_64