CRAN Package Check Results for Package sda

Last updated on 2020-09-29 09:49:07 CEST.

Flavor Version Tinstall Tcheck Ttotal Status Flags
r-devel-linux-x86_64-debian-clang 1.3.7 2.93 30.24 33.17 OK
r-devel-linux-x86_64-debian-gcc 1.3.7 2.28 23.69 25.97 OK
r-devel-linux-x86_64-fedora-clang 1.3.7 48.69 NOTE
r-devel-linux-x86_64-fedora-gcc 1.3.7 39.36 OK
r-devel-windows-ix86+x86_64 1.3.7 6.00 35.00 41.00 OK
r-patched-linux-x86_64 1.3.7 2.61 28.86 31.47 OK
r-patched-solaris-x86 1.3.7 62.90 OK
r-release-linux-x86_64 1.3.7 3.12 28.78 31.90 OK
r-release-macos-x86_64 1.3.7 OK
r-release-windows-ix86+x86_64 1.3.7 18.00 44.00 62.00 OK
r-oldrel-macos-x86_64 1.3.7 OK
r-oldrel-windows-ix86+x86_64 1.3.7 5.00 43.00 48.00 OK

Check Details

Version: 1.3.7
Check: Rd cross-references
Result: NOTE
    Undeclared package ‘care’ in Rd xrefs
Flavor: r-devel-linux-x86_64-fedora-clang