Last updated on 2023-01-31 10:52:22 CET.
Flavor | Version | Tinstall | Tcheck | Ttotal | Status | Flags |
---|---|---|---|---|---|---|
r-devel-linux-x86_64-debian-clang | 1.0-0 | 11.74 | 101.56 | 113.30 | NOTE | |
r-devel-linux-x86_64-debian-gcc | 1.0-0 | 8.89 | 76.29 | 85.18 | NOTE | |
r-devel-linux-x86_64-fedora-clang | 1.0-0 | 137.26 | NOTE | |||
r-devel-linux-x86_64-fedora-gcc | 1.0-0 | 137.09 | NOTE | |||
r-devel-windows-x86_64 | 1.0-0 | 28.00 | 128.00 | 156.00 | NOTE | |
r-patched-linux-x86_64 | 1.0-0 | 10.30 | 96.18 | 106.48 | NOTE | |
r-release-linux-x86_64 | 1.0-0 | 9.31 | 95.59 | 104.90 | NOTE | |
r-release-macos-arm64 | 1.0-0 | 36.00 | NOTE | |||
r-release-macos-x86_64 | 1.0-0 | 57.00 | NOTE | |||
r-release-windows-x86_64 | 1.0-0 | 22.00 | 129.00 | 151.00 | NOTE | |
r-oldrel-macos-arm64 | 1.0-0 | 42.00 | NOTE | |||
r-oldrel-macos-x86_64 | 1.0-0 | 65.00 | NOTE | |||
r-oldrel-windows-ix86+x86_64 | 1.0-0 | 25.00 | 124.00 | 149.00 | NOTE |
Version: 1.0-0
Check: LazyData
Result: NOTE
'LazyData' is specified without a 'data' directory
Flavors: r-devel-linux-x86_64-debian-clang, r-devel-linux-x86_64-debian-gcc, r-devel-linux-x86_64-fedora-clang, r-devel-linux-x86_64-fedora-gcc, r-devel-windows-x86_64, r-patched-linux-x86_64, r-release-linux-x86_64, r-release-macos-arm64, r-release-macos-x86_64, r-release-windows-x86_64, r-oldrel-macos-arm64, r-oldrel-macos-x86_64, r-oldrel-windows-ix86+x86_64