CRAN Package Check Results for Package scorecardModelUtils

Last updated on 2022-01-28 10:53:27 CET.

Flavor Version Tinstall Tcheck Ttotal Status Flags
r-devel-linux-x86_64-debian-clang 0.0.1.0 11.97 121.77 133.74 NOTE
r-devel-linux-x86_64-debian-gcc 0.0.1.0 9.78 91.67 101.45 NOTE
r-devel-linux-x86_64-fedora-clang 0.0.1.0 154.46 NOTE
r-devel-linux-x86_64-fedora-gcc 0.0.1.0 146.27 NOTE
r-devel-windows-x86_64-new-UL 0.0.1.0 235.00 140.00 375.00 NOTE
r-devel-windows-x86_64-new-TK 0.0.1.0 ERROR
r-patched-linux-x86_64 0.0.1.0 13.09 110.95 124.04 NOTE
r-release-linux-x86_64 0.0.1.0 11.48 106.83 118.31 NOTE
r-release-macos-arm64 0.0.1.0 NOTE
r-release-macos-x86_64 0.0.1.0 NOTE
r-release-windows-ix86+x86_64 0.0.1.0 30.00 129.00 159.00 NOTE
r-oldrel-macos-x86_64 0.0.1.0 OK
r-oldrel-windows-ix86+x86_64 0.0.1.0 29.00 131.00 160.00 OK

Check Details

Version: 0.0.1.0
Check: LazyData
Result: NOTE
     'LazyData' is specified without a 'data' directory
Flavors: r-devel-linux-x86_64-debian-clang, r-devel-linux-x86_64-debian-gcc, r-devel-linux-x86_64-fedora-clang, r-devel-linux-x86_64-fedora-gcc, r-devel-windows-x86_64-new-UL, r-patched-linux-x86_64, r-release-linux-x86_64, r-release-macos-arm64, r-release-macos-x86_64, r-release-windows-ix86+x86_64

Version: 0.0.1.0
Check: package dependencies
Result: ERROR
    Package required but not available: 'car'
    
    See section 'The DESCRIPTION file' in the 'Writing R Extensions'
    manual.
Flavor: r-devel-windows-x86_64-new-TK