CRAN Package Check Results for Package scopr

Last updated on 2022-09-26 10:51:25 CEST.

Flavor Version Tinstall Tcheck Ttotal Status Flags
r-devel-linux-x86_64-debian-clang 0.3.4 3.63 72.26 75.89 OK
r-devel-linux-x86_64-debian-gcc 0.3.4 2.83 54.22 57.05 OK
r-devel-linux-x86_64-fedora-clang 0.3.4 97.71 NOTE
r-devel-linux-x86_64-fedora-gcc 0.3.4 93.82 NOTE
r-devel-windows-x86_64 0.3.4 7.00 95.00 102.00 OK
r-patched-linux-x86_64 0.3.4 11.17 66.82 77.99 OK
r-release-linux-x86_64 0.3.4 2.24 66.51 68.75 OK
r-release-macos-arm64 0.3.4 28.00 NOTE
r-release-macos-x86_64 0.3.4 43.00 NOTE
r-release-windows-x86_64 0.3.4 69.00 90.00 159.00 OK
r-oldrel-macos-arm64 0.3.4 30.00 NOTE
r-oldrel-macos-x86_64 0.3.4 47.00 NOTE
r-oldrel-windows-ix86+x86_64 0.3.4 8.00 84.00 92.00 OK

Check Details

Version: 0.3.4
Check: dependencies in R code
Result: NOTE
    Namespace in Imports field not imported from: ‘curl’
     All declared Imports should be used.
Flavors: r-devel-linux-x86_64-fedora-clang, r-devel-linux-x86_64-fedora-gcc, r-release-macos-arm64, r-release-macos-x86_64, r-oldrel-macos-arm64, r-oldrel-macos-x86_64