CRAN Package Check Results for Package schrute

Last updated on 2020-08-06 09:49:12 CEST.

Flavor Version Tinstall Tcheck Ttotal Status Flags
r-devel-linux-x86_64-debian-clang 0.2.2 3.84 32.08 35.92 OK
r-devel-linux-x86_64-debian-gcc 0.2.2 4.26 26.05 30.31 OK
r-devel-linux-x86_64-fedora-clang 0.2.2 53.08 NOTE
r-devel-linux-x86_64-fedora-gcc 0.2.2 43.03 NOTE
r-devel-windows-ix86+x86_64 0.2.2 18.00 58.00 76.00 OK
r-patched-linux-x86_64 0.2.2 4.57 31.30 35.87 OK
r-patched-solaris-x86 0.2.2 67.30 NOTE
r-release-linux-x86_64 0.2.2 4.28 30.79 35.07 OK
r-release-macos-x86_64 0.2.2 NOTE
r-release-windows-ix86+x86_64 0.2.2 16.00 43.00 59.00 OK
r-oldrel-macos-x86_64 0.2.2 NOTE
r-oldrel-windows-ix86+x86_64 0.2.2 9.00 39.00 48.00 OK

Check Details

Version: 0.2.2
Check: dependencies in R code
Result: NOTE
    Namespaces in Imports field not imported from:
     ‘dplyr’ ‘ggplot2’ ‘stringi’ ‘stringr’ ‘tibble’ ‘tidyr’ ‘tidytext’
     All declared Imports should be used.
Flavors: r-devel-linux-x86_64-fedora-clang, r-devel-linux-x86_64-fedora-gcc, r-patched-solaris-x86, r-release-macos-x86_64, r-oldrel-macos-x86_64

Version: 0.2.2
Check: data for non-ASCII characters
Result: NOTE
     Note: found 464 marked UTF-8 strings
Flavors: r-devel-linux-x86_64-fedora-clang, r-devel-linux-x86_64-fedora-gcc, r-patched-solaris-x86, r-release-macos-x86_64, r-oldrel-macos-x86_64