CRAN Package Check Results for Package scan

Last updated on 2020-08-06 09:49:12 CEST.

Flavor Version Tinstall Tcheck Ttotal Status Flags
r-devel-linux-x86_64-debian-clang 0.40 11.32 94.90 106.22 OK
r-devel-linux-x86_64-debian-gcc 0.40 10.12 70.75 80.87 OK
r-devel-linux-x86_64-fedora-clang 0.40 129.58 NOTE
r-devel-linux-x86_64-fedora-gcc 0.40 120.37 NOTE
r-devel-windows-ix86+x86_64 0.40 45.00 107.00 152.00 OK
r-patched-linux-x86_64 0.40 13.13 90.84 103.97 OK
r-patched-solaris-x86 0.40 161.90 NOTE
r-release-linux-x86_64 0.40 12.59 90.55 103.14 OK
r-release-macos-x86_64 0.40 NOTE
r-release-windows-ix86+x86_64 0.40 40.00 140.00 180.00 OK
r-oldrel-macos-x86_64 0.40 NOTE
r-oldrel-windows-ix86+x86_64 0.40 18.00 115.00 133.00 OK

Check Details

Version: 0.40
Check: dependencies in R code
Result: NOTE
    Namespaces in Imports field not imported from:
     ‘MASS’ ‘methods’
     All declared Imports should be used.
Flavors: r-devel-linux-x86_64-fedora-clang, r-devel-linux-x86_64-fedora-gcc, r-patched-solaris-x86, r-release-macos-x86_64, r-oldrel-macos-x86_64

Version: 0.40
Check: data for non-ASCII characters
Result: NOTE
     Note: found 1 marked UTF-8 string
Flavors: r-devel-linux-x86_64-fedora-clang, r-devel-linux-x86_64-fedora-gcc, r-patched-solaris-x86, r-release-macos-x86_64, r-oldrel-macos-x86_64