Last updated on 2024-05-27 10:56:19 CEST.
Flavor | Version | Tinstall | Tcheck | Ttotal | Status | Flags |
---|---|---|---|---|---|---|
r-devel-linux-x86_64-debian-clang | 1.1-4 | 13.34 | 103.87 | 117.21 | NOTE | |
r-devel-linux-x86_64-debian-gcc | 1.1-4 | 10.87 | 75.89 | 86.76 | NOTE | |
r-devel-linux-x86_64-fedora-clang | 1.1-4 | 150.24 | NOTE | |||
r-devel-linux-x86_64-fedora-gcc | 1.1-4 | 147.22 | NOTE | |||
r-devel-windows-x86_64 | 1.1-4 | 11.00 | 93.00 | 104.00 | NOTE | |
r-patched-linux-x86_64 | 1.1-4 | 12.84 | 99.25 | 112.09 | NOTE | |
r-release-linux-x86_64 | 1.1-4 | 11.95 | 99.61 | 111.56 | NOTE | |
r-release-macos-arm64 | 1.1-4 | 48.00 | NOTE | |||
r-release-windows-x86_64 | 1.1-4 | 11.00 | 93.00 | 104.00 | NOTE | |
r-oldrel-macos-arm64 | 1.1-4 | 51.00 | OK | |||
r-oldrel-macos-x86_64 | 1.1-4 | 96.00 | OK | |||
r-oldrel-windows-x86_64 | 1.1-4 | 14.00 | 117.00 | 131.00 | OK |
Version: 1.1-4
Check: Rd files
Result: NOTE
checkRd: (-1) get.events.Rd:51: Lost braces
51 | code{\link[deSolve]{events}}
| ^
Flavors: r-devel-linux-x86_64-debian-clang, r-devel-linux-x86_64-debian-gcc, r-devel-linux-x86_64-fedora-clang, r-devel-linux-x86_64-fedora-gcc, r-devel-windows-x86_64, r-patched-linux-x86_64, r-release-linux-x86_64, r-release-macos-arm64, r-release-windows-x86_64