Last updated on 2024-05-07 11:55:14 CEST.
Flavor | Version | Tinstall | Tcheck | Ttotal | Status | Flags |
---|---|---|---|---|---|---|
r-devel-linux-x86_64-debian-clang | 1.0.0 | 42.71 | 608.54 | 651.25 | NOTE | |
r-devel-linux-x86_64-debian-gcc | 1.0.0 | 29.16 | 1145.29 | 1174.45 | OK | |
r-devel-linux-x86_64-fedora-clang | 1.0.0 | 1299.71 | OK | |||
r-devel-linux-x86_64-fedora-gcc | 1.0.0 | 1691.59 | OK | |||
r-devel-windows-x86_64 | 1.0.0 | 31.00 | 464.00 | 495.00 | OK | |
r-patched-linux-x86_64 | 1.0.0 | 32.73 | 1284.35 | 1317.08 | OK | |
r-release-linux-x86_64 | 1.0.0 | 21.72 | 1416.63 | 1438.35 | OK | |
r-release-macos-arm64 | 1.0.0 | 227.00 | NOTE | |||
r-release-macos-x86_64 | 1.0.0 | 510.00 | NOTE | |||
r-release-windows-x86_64 | 1.0.0 | 33.00 | 454.00 | 487.00 | OK | |
r-oldrel-macos-arm64 | 1.0.0 | 234.00 | NOTE | |||
r-oldrel-macos-x86_64 | 1.0.0 | 700.00 | NOTE | |||
r-oldrel-windows-x86_64 | 1.0.0 | 43.00 | 588.00 | 631.00 | OK |
Version: 1.0.0
Check: package dependencies
Result: NOTE
Packages suggested but not available for checking:
'biomaRt', 'GOSemSim', 'ontoProc', 'rrvgo', 'SingleCellSignalR'
Flavor: r-devel-linux-x86_64-debian-clang
Version: 1.0.0
Check: package dependencies
Result: NOTE
Package suggested but not available for checking: ‘SingleCellSignalR’
Flavor: r-release-macos-arm64
Version: 1.0.0
Check: package dependencies
Result: NOTE
Package suggested but not available for checking: ‘ontoProc’
Flavor: r-release-macos-x86_64
Version: 1.0.0
Check: package dependencies
Result: NOTE
Packages suggested but not available for checking:
'ontoProc', 'rrvgo', 'SingleCellSignalR'
Flavors: r-oldrel-macos-arm64, r-oldrel-macos-x86_64