Last updated on 2024-05-11 10:48:46 CEST.
Flavor | Version | Tinstall | Tcheck | Ttotal | Status | Flags |
---|---|---|---|---|---|---|
r-devel-linux-x86_64-debian-clang | 0.2 | 33.12 | 32.37 | 65.49 | OK | |
r-devel-linux-x86_64-debian-gcc | 0.2 | 31.11 | 25.76 | 56.87 | OK | |
r-devel-linux-x86_64-fedora-clang | 0.2 | 95.32 | NOTE | |||
r-devel-linux-x86_64-fedora-gcc | 0.2 | 142.27 | NOTE | |||
r-devel-windows-x86_64 | 0.2 | 26.00 | 66.00 | 92.00 | OK | |
r-patched-linux-x86_64 | 0.2 | 34.01 | 31.88 | 65.89 | OK | |
r-release-linux-x86_64 | 0.2 | 36.81 | 32.84 | 69.65 | OK | |
r-release-macos-arm64 | 0.2 | 29.00 | OK | |||
r-release-windows-x86_64 | 0.2 | 29.00 | 72.00 | 101.00 | OK | |
r-oldrel-macos-arm64 | 0.2 | 29.00 | OK | |||
r-oldrel-macos-x86_64 | 0.2 | 43.00 | OK | |||
r-oldrel-windows-x86_64 | 0.2 | 36.00 | 71.00 | 107.00 | OK |
Version: 0.2
Check: compiled code
Result: NOTE
File ‘sbmSDP/libs/sbmSDP.so’:
Found no calls to: ‘R_registerRoutines’, ‘R_useDynamicSymbols’
It is good practice to register native routines and to disable symbol
search.
See ‘Writing portable packages’ in the ‘Writing R Extensions’ manual.
Flavors: r-devel-linux-x86_64-fedora-clang, r-devel-linux-x86_64-fedora-gcc