Last updated on 2023-03-20 09:49:40 CET.
Flavor | Version | Tinstall | Tcheck | Ttotal | Status | Flags |
---|---|---|---|---|---|---|
r-devel-linux-x86_64-debian-clang | 1.0.0 | OK | ||||
r-devel-linux-x86_64-debian-gcc | 1.0.0 | 17.26 | 38.61 | 55.87 | OK | |
r-devel-linux-x86_64-fedora-clang | 1.0.0 | 93.52 | NOTE | |||
r-devel-linux-x86_64-fedora-gcc | 1.0.0 | 91.46 | NOTE | |||
r-patched-linux-x86_64 | 1.0.0 | 21.05 | 51.15 | 72.20 | OK | |
r-release-linux-x86_64 | 1.0.0 | 19.05 | 49.85 | 68.90 | OK | |
r-release-macos-arm64 | 1.0.0 | 44.00 | NOTE | |||
r-release-macos-x86_64 | 1.0.0 | 56.00 | NOTE | |||
r-release-windows-x86_64 | 1.0.0 | 44.00 | 86.00 | 130.00 | OK | |
r-oldrel-macos-arm64 | 1.0.0 | 46.00 | NOTE | |||
r-oldrel-macos-x86_64 | 1.0.0 | 95.00 | NOTE | |||
r-oldrel-windows-ix86+x86_64 | 1.0.0 | 43.00 | 54.00 | 97.00 | OK |
Version: 1.0.0
Check: data for non-ASCII characters
Result: NOTE
Note: found 3 marked Latin-1 strings
Flavors: r-devel-linux-x86_64-fedora-clang, r-devel-linux-x86_64-fedora-gcc, r-release-macos-arm64, r-release-macos-x86_64, r-oldrel-macos-arm64, r-oldrel-macos-x86_64