CRAN Package Check Results for Package saeSim

Last updated on 2023-01-28 10:51:40 CET.

Flavor Version Tinstall Tcheck Ttotal Status Flags
r-devel-linux-x86_64-debian-clang 0.11.0 11.38 134.16 145.54 OK
r-devel-linux-x86_64-debian-gcc 0.11.0 8.69 98.87 107.56 OK
r-devel-linux-x86_64-fedora-clang 0.11.0 143.92 NOTE
r-devel-linux-x86_64-fedora-gcc 0.11.0 185.44 OK
r-patched-linux-x86_64 0.11.0 14.97 127.77 142.74 OK
r-release-linux-x86_64 0.11.0 11.36 127.05 138.41 OK
r-release-macos-arm64 0.11.0 108.00 OK
r-release-macos-x86_64 0.11.0 200.00 OK
r-release-windows-x86_64 0.11.0 87.00 176.00 263.00 OK
r-oldrel-macos-arm64 0.11.0 88.00 OK
r-oldrel-macos-x86_64 0.11.0 134.00 OK
r-oldrel-windows-ix86+x86_64 0.11.0 28.00 165.00 193.00 OK

Check Details

Version: 0.11.0
Check: Rd cross-references
Result: NOTE
    Undeclared package ‘magrittr’ in Rd xrefs
Flavor: r-devel-linux-x86_64-fedora-clang