Last updated on 2024-04-24 10:23:08 CEST.
Flavor | Version | Tinstall | Tcheck | Ttotal | Status | Flags |
---|---|---|---|---|---|---|
r-devel-linux-x86_64-debian-clang | 0.3.0 | 5.06 | 634.50 | 639.56 | NOTE | |
r-devel-linux-x86_64-debian-gcc | 0.3.0 | 4.80 | 385.44 | 390.24 | NOTE | |
r-devel-linux-x86_64-fedora-clang | 0.3.0 | 729.22 | NOTE | |||
r-devel-linux-x86_64-fedora-gcc | 0.3.0 | 739.18 | NOTE | |||
r-devel-windows-x86_64 | 0.3.0 | 8.00 | 339.00 | 347.00 | NOTE | |
r-patched-linux-x86_64 | 0.3.0 | 4.98 | 580.20 | 585.18 | NOTE | |
r-release-linux-x86_64 | 0.3.0 | 4.02 | 599.03 | 603.05 | NOTE | |
r-release-macos-arm64 | 0.3.0 | 183.00 | NOTE | |||
r-release-windows-x86_64 | 0.3.0 | 10.00 | 457.00 | 467.00 | NOTE | |
r-oldrel-macos-arm64 | 0.3.0 | 147.00 | NOTE | |||
r-oldrel-macos-x86_64 | 0.3.0 | 316.00 | NOTE | |||
r-oldrel-windows-x86_64 | 0.3.0 | 9.00 | 462.00 | 471.00 | NOTE |
Version: 0.3.0
Check: LazyData
Result: NOTE
'LazyData' is specified without a 'data' directory
Flavors: r-devel-linux-x86_64-debian-clang, r-devel-linux-x86_64-debian-gcc, r-devel-linux-x86_64-fedora-clang, r-devel-linux-x86_64-fedora-gcc, r-devel-windows-x86_64, r-patched-linux-x86_64, r-release-linux-x86_64, r-release-macos-arm64, r-release-windows-x86_64, r-oldrel-macos-arm64, r-oldrel-macos-x86_64, r-oldrel-windows-x86_64