CRAN Package Check Results for Package ruler

Last updated on 2020-08-04 09:48:39 CEST.

Flavor Version Tinstall Tcheck Ttotal Status Flags
r-devel-linux-x86_64-debian-clang 0.2.3 5.12 58.43 63.55 OK
r-devel-linux-x86_64-debian-gcc 0.2.3 3.67 43.98 47.65 OK
r-devel-linux-x86_64-fedora-clang 0.2.3 79.83 NOTE
r-devel-linux-x86_64-fedora-gcc 0.2.3 71.75 OK
r-devel-windows-ix86+x86_64 0.2.3 21.00 67.00 88.00 OK
r-patched-linux-x86_64 0.2.3 3.97 58.10 62.07 OK
r-patched-solaris-x86 0.2.3 110.60 OK
r-release-linux-x86_64 0.2.3 4.56 56.13 60.69 OK
r-release-macos-x86_64 0.2.3 OK
r-release-windows-ix86+x86_64 0.2.3 16.00 67.00 83.00 OK
r-oldrel-macos-x86_64 0.2.3 OK
r-oldrel-windows-ix86+x86_64 0.2.3 9.00 57.00 66.00 OK

Check Details

Version: 0.2.3
Check: Rd cross-references
Result: NOTE
    Undeclared package ‘magrittr’ in Rd xrefs
Flavor: r-devel-linux-x86_64-fedora-clang