Last updated on 2023-05-28 10:00:54 CEST.
Flavor | Version | Tinstall | Tcheck | Ttotal | Status | Flags |
---|---|---|---|---|---|---|
r-devel-linux-x86_64-debian-clang | 0.3.1 | 268.74 | 411.07 | 679.81 | NOTE | |
r-devel-linux-x86_64-debian-gcc | 0.3.1 | 212.61 | 365.10 | 577.71 | NOTE | |
r-devel-linux-x86_64-fedora-clang | 0.3.1 | 936.50 | NOTE | |||
r-devel-linux-x86_64-fedora-gcc | 0.3.1 | 959.15 | NOTE | |||
r-devel-windows-x86_64 | 0.3.1 | 173.00 | 334.00 | 507.00 | NOTE | |
r-patched-linux-x86_64 | 0.3.1 | 241.67 | 464.08 | 705.75 | NOTE | |
r-release-linux-x86_64 | 0.3.1 | 225.88 | 469.58 | 695.46 | NOTE | |
r-release-macos-arm64 | 0.3.1 | 432.00 | NOTE | |||
r-release-macos-x86_64 | 0.3.1 | 622.00 | NOTE | |||
r-release-windows-x86_64 | 0.3.1 | 187.00 | 362.00 | 549.00 | NOTE | |
r-oldrel-macos-arm64 | 0.3.1 | 374.00 | NOTE | |||
r-oldrel-macos-x86_64 | 0.3.1 | 500.00 | NOTE | |||
r-oldrel-windows-x86_64 | 0.3.1 | 257.00 | 360.00 | 617.00 | NOTE |
Version: 0.3.1
Check: C++ specification
Result: NOTE
Specified C++11: please drop specification unless essential
Flavors: r-devel-linux-x86_64-debian-clang, r-devel-linux-x86_64-debian-gcc, r-devel-linux-x86_64-fedora-clang, r-devel-linux-x86_64-fedora-gcc, r-devel-windows-x86_64, r-patched-linux-x86_64, r-release-linux-x86_64, r-release-macos-arm64, r-release-macos-x86_64, r-release-windows-x86_64
Version: 0.3.1
Check: installed package size
Result: NOTE
installed size is 5.0Mb
sub-directories of 1Mb or more:
data 3.8Mb
Flavors: r-devel-linux-x86_64-fedora-clang, r-devel-windows-x86_64, r-release-macos-arm64, r-release-macos-x86_64, r-release-windows-x86_64, r-oldrel-macos-arm64, r-oldrel-macos-x86_64, r-oldrel-windows-x86_64