Last updated on 2024-04-26 09:52:12 CEST.
Flavor | Version | Tinstall | Tcheck | Ttotal | Status | Flags |
---|---|---|---|---|---|---|
r-devel-linux-x86_64-debian-clang | 1.5-1 | 108.76 | 377.72 | 486.48 | OK | |
r-devel-linux-x86_64-debian-gcc | 1.5-1 | 79.84 | 270.38 | 350.22 | OK | |
r-devel-linux-x86_64-fedora-clang | 1.5-1 | 595.27 | NOTE | |||
r-devel-linux-x86_64-fedora-gcc | 1.5-1 | 577.64 | OK | |||
r-devel-windows-x86_64 | 1.5-1 | 82.00 | 270.00 | 352.00 | NOTE | |
r-patched-linux-x86_64 | 1.5-1 | 90.23 | 344.77 | 435.00 | OK | |
r-release-linux-x86_64 | 1.5-1 | 78.58 | 352.28 | 430.86 | OK | |
r-release-macos-arm64 | 1.5-1 | 130.00 | NOTE | |||
r-release-windows-x86_64 | 1.5-1 | 82.00 | 269.00 | 351.00 | NOTE | |
r-oldrel-macos-arm64 | 1.5-1 | 132.00 | NOTE | |||
r-oldrel-macos-x86_64 | 1.5-1 | 370.00 | NOTE | |||
r-oldrel-windows-x86_64 | 1.5-1 | 114.00 | 344.00 | 458.00 | NOTE |
Version: 1.5-1
Check: installed package size
Result: NOTE
installed size is 7.5Mb
sub-directories of 1Mb or more:
R 3.0Mb
libs 2.1Mb
Flavors: r-devel-linux-x86_64-fedora-clang, r-devel-windows-x86_64, r-release-macos-arm64, r-release-windows-x86_64, r-oldrel-macos-arm64, r-oldrel-macos-x86_64, r-oldrel-windows-x86_64