CRAN Package Check Results for Package rubias

Last updated on 2020-08-06 09:49:12 CEST.

Flavor Version Tinstall Tcheck Ttotal Status Flags
r-devel-linux-x86_64-debian-clang 0.3.1 101.35 194.93 296.28 NOTE
r-devel-linux-x86_64-debian-gcc 0.3.1 70.69 146.85 217.54 NOTE
r-devel-linux-x86_64-fedora-clang 0.3.1 380.04 NOTE
r-devel-linux-x86_64-fedora-gcc 0.3.1 359.15 NOTE
r-devel-windows-ix86+x86_64 0.3.1 270.00 317.00 587.00 NOTE
r-patched-linux-x86_64 0.3.1 77.34 191.81 269.15 NOTE
r-patched-solaris-x86 0.3.1 476.70 NOTE
r-release-linux-x86_64 0.3.1 79.81 193.88 273.69 NOTE
r-release-macos-x86_64 0.3.1 NOTE
r-release-windows-ix86+x86_64 0.3.1 264.00 246.00 510.00 NOTE
r-oldrel-macos-x86_64 0.3.1 NOTE
r-oldrel-windows-ix86+x86_64 0.3.1 195.00 226.00 421.00 NOTE

Check Details

Version: 0.3.1
Check: for GNU extensions in Makefiles
Result: NOTE
    GNU make is a SystemRequirements.
Flavors: r-devel-linux-x86_64-debian-clang, r-devel-linux-x86_64-debian-gcc, r-devel-linux-x86_64-fedora-clang, r-devel-linux-x86_64-fedora-gcc, r-devel-windows-ix86+x86_64, r-patched-linux-x86_64, r-patched-solaris-x86, r-release-linux-x86_64, r-release-macos-x86_64, r-release-windows-ix86+x86_64, r-oldrel-macos-x86_64, r-oldrel-windows-ix86+x86_64

Version: 0.3.1
Check: installed package size
Result: NOTE
     installed size is 6.0Mb
     sub-directories of 1Mb or more:
     libs 4.2Mb
Flavor: r-devel-linux-x86_64-fedora-clang