Last updated on 2024-04-18 10:50:02 CEST.
Flavor | Version | Tinstall | Tcheck | Ttotal | Status | Flags |
---|---|---|---|---|---|---|
r-devel-linux-x86_64-debian-clang | 5.0.0 | 10.39 | 210.85 | 221.24 | OK | |
r-devel-linux-x86_64-debian-gcc | 5.0.0 | 7.30 | 156.81 | 164.11 | OK | |
r-devel-linux-x86_64-fedora-clang | 5.0.0 | 284.03 | NOTE | |||
r-devel-linux-x86_64-fedora-gcc | 5.0.0 | 295.88 | NOTE | |||
r-prerel-macos-arm64 | 5.0.0 | 87.00 | OK | |||
r-prerel-windows-x86_64 | 5.0.0 | 9.00 | 185.00 | 194.00 | OK | |
r-patched-linux-x86_64 | 5.0.0 | 10.16 | 197.79 | 207.95 | OK | |
r-release-linux-x86_64 | 5.0.0 | 6.94 | 202.04 | 208.98 | OK | |
r-release-macos-arm64 | 5.0.0 | 99.00 | OK | |||
r-release-macos-x86_64 | 5.0.0 | 153.00 | OK | |||
r-release-windows-x86_64 | 5.0.0 | 11.00 | 223.00 | 234.00 | OK | |
r-oldrel-macos-arm64 | 5.0.0 | 85.00 | NOTE | |||
r-oldrel-windows-x86_64 | 5.0.0 | 12.00 | 223.00 | 235.00 | OK |
Version: 5.0.0
Check: dependencies in R code
Result: NOTE
Namespaces in Imports field not imported from:
‘DescTools’ ‘MASS’ ‘gridExtra’
All declared Imports should be used.
Flavors: r-devel-linux-x86_64-fedora-clang, r-devel-linux-x86_64-fedora-gcc, r-oldrel-macos-arm64