Last updated on 2024-04-25 08:00:06 CEST.
Flavor | Version | Tinstall | Tcheck | Ttotal | Status | Flags |
---|---|---|---|---|---|---|
r-devel-linux-x86_64-debian-clang | 0.27 | 5.97 | 40.38 | 46.35 | NOTE | |
r-devel-linux-x86_64-debian-gcc | 0.27 | 4.68 | 30.80 | 35.48 | NOTE | |
r-devel-linux-x86_64-fedora-clang | 0.27 | 60.24 | NOTE | |||
r-devel-linux-x86_64-fedora-gcc | 0.27 | 58.48 | NOTE | |||
r-devel-windows-x86_64 | 0.27 | 7.00 | 52.00 | 59.00 | NOTE | |
r-patched-linux-x86_64 | 0.27 | 5.32 | 38.74 | 44.06 | NOTE | |
r-release-linux-x86_64 | 0.27 | 5.44 | 39.83 | 45.27 | NOTE | |
r-release-macos-arm64 | 0.27 | 23.00 | NOTE | |||
r-release-macos-x86_64 | 0.27 | 58.00 | NOTE | |||
r-release-windows-x86_64 | 0.27 | 9.00 | 53.00 | 62.00 | NOTE | |
r-oldrel-macos-arm64 | 0.27 | 27.00 | NOTE | |||
r-oldrel-macos-x86_64 | 0.27 | 47.00 | NOTE | |||
r-oldrel-windows-x86_64 | 0.27 | 9.00 | 57.00 | 66.00 | NOTE |
Version: 0.27
Check: for GNU extensions in Makefiles
Result: NOTE
GNU make is a SystemRequirements.
Flavors: r-devel-linux-x86_64-debian-clang, r-devel-linux-x86_64-debian-gcc, r-devel-linux-x86_64-fedora-clang, r-devel-linux-x86_64-fedora-gcc, r-devel-windows-x86_64, r-patched-linux-x86_64, r-release-linux-x86_64, r-release-macos-arm64, r-release-macos-x86_64, r-release-windows-x86_64, r-oldrel-macos-arm64, r-oldrel-macos-x86_64, r-oldrel-windows-x86_64
Version: 0.27
Check: installed package size
Result: NOTE
installed size is 11.9Mb
sub-directories of 1Mb or more:
rmarkdown 11.7Mb
Flavors: r-devel-linux-x86_64-fedora-clang, r-devel-windows-x86_64, r-release-macos-arm64, r-release-macos-x86_64, r-release-windows-x86_64, r-oldrel-macos-arm64, r-oldrel-macos-x86_64, r-oldrel-windows-x86_64