CRAN Package Check Results for Package rstanarm

Last updated on 2020-07-02 09:48:49 CEST.

Flavor Version Tinstall Tcheck Ttotal Status Flags
r-devel-linux-x86_64-debian-clang 2.19.3 1566.87 514.39 2081.26 NOTE
r-devel-linux-x86_64-debian-gcc 2.19.3 1208.77 411.46 1620.23 NOTE
r-devel-linux-x86_64-fedora-clang 2.19.3 1787.13 NOTE
r-devel-linux-x86_64-fedora-gcc 2.19.3 2727.51 NOTE
r-devel-windows-ix86+x86_64 2.19.3 1344.00 12.00 1356.00 ERROR --no-examples --no-tests --no-vignettes
r-patched-linux-x86_64 2.19.3 1378.98 532.16 1911.14 NOTE
r-patched-solaris-x86 2.19.3 2444.80 NOTE
r-release-linux-x86_64 2.19.3 1325.81 537.95 1863.76 NOTE
r-release-osx-x86_64 2.19.3 NOTE
r-release-windows-ix86+x86_64 2.19.3 83.00 10.00 93.00 ERROR --no-examples --no-tests --no-vignettes
r-oldrel-osx-x86_64 2.19.3 ERROR
r-oldrel-windows-ix86+x86_64 2.19.3 2707.00 429.00 3136.00 NOTE --no-examples --no-tests --no-vignettes

Check Details

Version: 2.19.3
Check: for GNU extensions in Makefiles
Result: NOTE
    GNU make is a SystemRequirements.
Flavors: r-devel-linux-x86_64-debian-clang, r-devel-linux-x86_64-debian-gcc, r-devel-linux-x86_64-fedora-clang, r-devel-linux-x86_64-fedora-gcc, r-patched-linux-x86_64, r-patched-solaris-x86, r-release-linux-x86_64, r-release-osx-x86_64, r-oldrel-osx-x86_64

Version: 2.19.3
Check: installed package size
Result: NOTE
     installed size is 258.1Mb
     sub-directories of 1Mb or more:
     R 1.6Mb
     doc 4.5Mb
     libs 251.4Mb
Flavors: r-devel-linux-x86_64-fedora-clang, r-patched-solaris-x86, r-release-osx-x86_64, r-oldrel-osx-x86_64

Version: 2.19.3
Check: dependencies in R code
Result: NOTE
    Namespace in Imports field not imported from: ‘RcppParallel’
     All declared Imports should be used.
Flavors: r-devel-linux-x86_64-fedora-clang, r-devel-linux-x86_64-fedora-gcc, r-patched-solaris-x86, r-release-osx-x86_64, r-oldrel-osx-x86_64

Version: 2.19.3
Check: Rd cross-references
Result: NOTE
    Undeclared packages ‘gamm4’, ‘shiny’, ‘biglm’ in Rd xrefs
Flavor: r-devel-linux-x86_64-fedora-clang

Version: 2.19.3
Flags: --no-examples --no-tests --no-vignettes
Check: whether package can be installed
Result: ERROR
    Installation failed.
Flavors: r-devel-windows-ix86+x86_64, r-release-windows-ix86+x86_64

Version: 2.19.3
Check: examples
Result: ERROR
    Running examples in ‘rstanarm-Ex.R’ failed
    The error most likely occurred in:
    
    > ### Name: example_jm
    > ### Title: Example joint longitudinal and time-to-event model
    > ### Aliases: example_jm
    >
    > ### ** Examples
    >
    > set.seed(123)
    > example_jm <-
    + stan_jm(formulaLong = logBili ~ year + (1 | id),
    + dataLong = pbcLong[1:101,],
    + formulaEvent = survival::Surv(futimeYears, death) ~ sex + trt,
    + dataEvent = pbcSurv[1:15,],
    + time_var = "year",
    + # this next line is only to keep the example small in size!
    + chains = 1, seed = 12345, iter = 100, refresh = 0)
    Loading required namespace: data.table
    Fitting a univariate joint model.
    
    Please note the warmup may be much slower than later iterations!
    [1] "Error in sampler$call_sampler(args_list[[i]]) : "
    [2] " empty_nested() must be true before calling recover_memory()"
    error occurred during calling the sampler; sampling not done
    Error in check_stanfit(stanfit) :
     Invalid stanfit object produced please report bug
    Calls: stan_jm -> stan_jm.fit -> check_stanfit
    Execution halted
Flavor: r-oldrel-osx-x86_64

Version: 2.19.3
Flags: --no-examples --no-tests --no-vignettes
Check: installed package size
Result: NOTE
     installed size is 26.4Mb
     sub-directories of 1Mb or more:
     R 1.5Mb
     doc 4.4Mb
     libs 19.8Mb
Flavor: r-oldrel-windows-ix86+x86_64

Version: 2.19.3
Flags: --no-examples --no-tests --no-vignettes
Check: for GNU extensions in Makefiles
Result: NOTE
    GNU make is a SystemRequirements.
Flavor: r-oldrel-windows-ix86+x86_64