Last updated on 2024-04-23 10:54:16 CEST.
Flavor | Version | Tinstall | Tcheck | Ttotal | Status | Flags |
---|---|---|---|---|---|---|
r-devel-linux-x86_64-debian-clang | 2.32.1 | 2169.03 | 659.91 | 2828.94 | NOTE | |
r-devel-linux-x86_64-debian-gcc | 2.32.1 | 1710.77 | 597.50 | 2308.27 | NOTE | |
r-devel-linux-x86_64-fedora-clang | 2.32.1 | 3358.55 | NOTE | |||
r-devel-linux-x86_64-fedora-gcc | 2.32.1 | 3855.31 | NOTE | |||
r-prerel-macos-arm64 | 2.32.1 | 951.00 | NOTE | |||
r-prerel-windows-x86_64 | 2.32.1 | 1203.00 | 7.00 | 1210.00 | ERROR | --no-examples --no-tests --no-vignettes |
r-patched-linux-x86_64 | 2.32.1 | 2067.10 | 781.71 | 2848.81 | NOTE | |
r-release-linux-x86_64 | 2.32.1 | 2378.76 | 772.94 | 3151.70 | NOTE | |
r-release-macos-arm64 | 2.32.1 | 584.00 | NOTE | |||
r-release-macos-x86_64 | 2.32.1 | 742.00 | NOTE | |||
r-release-windows-x86_64 | 2.32.1 | 1621.00 | 287.00 | 1908.00 | NOTE | --no-examples --no-tests --no-vignettes |
r-oldrel-macos-arm64 | 2.32.1 | 590.00 | NOTE | |||
r-oldrel-windows-x86_64 | 2.32.1 | 1568.00 | 260.00 | 1828.00 | NOTE | --no-examples --no-tests --no-vignettes |
Version: 2.32.1
Check: for GNU extensions in Makefiles
Result: NOTE
GNU make is a SystemRequirements.
Flavors: r-devel-linux-x86_64-debian-clang, r-devel-linux-x86_64-debian-gcc, r-devel-linux-x86_64-fedora-clang, r-devel-linux-x86_64-fedora-gcc, r-prerel-macos-arm64, r-patched-linux-x86_64, r-release-linux-x86_64, r-release-macos-arm64, r-release-macos-x86_64, r-oldrel-macos-arm64
Version: 2.32.1
Check: installed package size
Result: NOTE
installed size is 27.7Mb
sub-directories of 1Mb or more:
R 1.8Mb
doc 4.8Mb
libs 20.4Mb
Flavors: r-devel-linux-x86_64-fedora-clang, r-prerel-macos-arm64, r-release-macos-arm64, r-release-macos-x86_64, r-oldrel-macos-arm64
Version: 2.32.1
Flags: --no-examples --no-tests --no-vignettes
Check: whether package can be installed
Result: ERROR
Installation failed.
Flavor: r-prerel-windows-x86_64
Version: 2.32.1
Flags: --no-examples --no-tests --no-vignettes
Check: installed package size
Result: NOTE
installed size is 18.9Mb
sub-directories of 1Mb or more:
R 1.9Mb
doc 4.7Mb
libs 11.6Mb
Flavors: r-release-windows-x86_64, r-oldrel-windows-x86_64
Version: 2.32.1
Flags: --no-examples --no-tests --no-vignettes
Check: for GNU extensions in Makefiles
Result: NOTE
GNU make is a SystemRequirements.
Flavors: r-release-windows-x86_64, r-oldrel-windows-x86_64