CRAN Package Check Results for Package rslp

Last updated on 2023-02-04 10:54:46 CET.

Flavor Version Tinstall Tcheck Ttotal Status Flags
r-devel-linux-x86_64-debian-clang 0.2.0 2.26 30.42 32.68 NOTE
r-devel-linux-x86_64-debian-gcc 0.2.0 1.52 23.22 24.74 NOTE
r-devel-linux-x86_64-fedora-clang 0.2.0 41.27 NOTE
r-devel-linux-x86_64-fedora-gcc 0.2.0 42.06 NOTE
r-devel-windows-x86_64 0.2.0 11.00 58.00 69.00 NOTE
r-patched-linux-x86_64 0.2.0 2.13 30.20 32.33 NOTE
r-release-linux-x86_64 0.2.0 2.07 30.32 32.39 NOTE
r-release-macos-arm64 0.2.0 20.00 NOTE
r-release-macos-x86_64 0.2.0 25.00 NOTE
r-release-windows-x86_64 0.2.0 11.00 62.00 73.00 NOTE
r-oldrel-macos-arm64 0.2.0 20.00 NOTE
r-oldrel-macos-x86_64 0.2.0 29.00 NOTE
r-oldrel-windows-ix86+x86_64 0.2.0 5.00 56.00 61.00 NOTE

Check Details

Version: 0.2.0
Check: LazyData
Result: NOTE
     'LazyData' is specified without a 'data' directory
Flavors: r-devel-linux-x86_64-debian-clang, r-devel-linux-x86_64-debian-gcc, r-devel-linux-x86_64-fedora-clang, r-devel-linux-x86_64-fedora-gcc, r-devel-windows-x86_64, r-patched-linux-x86_64, r-release-linux-x86_64, r-release-macos-arm64, r-release-macos-x86_64, r-release-windows-x86_64, r-oldrel-macos-arm64, r-oldrel-macos-x86_64, r-oldrel-windows-ix86+x86_64