CRAN Package Check Results for Package rsinaica

Last updated on 2023-02-05 09:57:29 CET.

Flavor Version Tinstall Tcheck Ttotal Status Flags
r-devel-linux-x86_64-debian-clang 0.6.1 6.13 62.33 68.46 OK
r-devel-linux-x86_64-debian-gcc 0.6.1 5.39 41.45 46.84 OK
r-devel-linux-x86_64-fedora-clang 0.6.1 82.12 NOTE
r-devel-linux-x86_64-fedora-gcc 0.6.1 74.00 NOTE
r-devel-windows-x86_64 0.6.1 27.00 178.00 205.00 OK
r-patched-linux-x86_64 0.6.1 6.69 52.82 59.51 OK
r-release-linux-x86_64 0.6.1 5.25 53.94 59.19 OK
r-release-macos-arm64 0.6.1 28.00 NOTE
r-release-macos-x86_64 0.6.1 53.00 NOTE
r-release-windows-x86_64 0.6.1 11.00 100.00 111.00 OK
r-oldrel-macos-arm64 0.6.1 35.00 NOTE
r-oldrel-macos-x86_64 0.6.1 1803.00 NOTE
r-oldrel-windows-ix86+x86_64 0.6.1 15.00 91.00 106.00 OK

Check Details

Version: 0.6.1
Check: data for non-ASCII characters
Result: NOTE
     Note: found 467 marked UTF-8 strings
Flavors: r-devel-linux-x86_64-fedora-clang, r-devel-linux-x86_64-fedora-gcc, r-release-macos-arm64, r-release-macos-x86_64, r-oldrel-macos-arm64, r-oldrel-macos-x86_64