Last updated on 2024-04-23 10:54:15 CEST.
Flavor | Version | Tinstall | Tcheck | Ttotal | Status | Flags |
---|---|---|---|---|---|---|
r-devel-linux-x86_64-debian-clang | 0.8.1 | 47.33 | 86.76 | 134.09 | NOTE | |
r-devel-linux-x86_64-debian-gcc | 0.8.1 | 32.59 | 63.55 | 96.14 | NOTE | |
r-devel-linux-x86_64-fedora-clang | 0.8.1 | 168.94 | NOTE | |||
r-devel-linux-x86_64-fedora-gcc | 0.8.1 | 159.98 | NOTE | |||
r-prerel-macos-arm64 | 0.8.1 | 44.00 | NOTE | |||
r-prerel-windows-x86_64 | 0.8.1 | 31.00 | 98.00 | 129.00 | NOTE | |
r-patched-linux-x86_64 | 0.8.1 | 34.25 | 80.92 | 115.17 | NOTE | |
r-release-linux-x86_64 | 0.8.1 | 33.85 | 83.45 | 117.30 | OK | |
r-release-macos-arm64 | 0.8.1 | 53.00 | OK | |||
r-release-macos-x86_64 | 0.8.1 | 112.00 | OK | |||
r-release-windows-x86_64 | 0.8.1 | 43.00 | 113.00 | 156.00 | OK | |
r-oldrel-macos-arm64 | 0.8.1 | 52.00 | OK | |||
r-oldrel-windows-x86_64 | 0.8.1 | 42.00 | 110.00 | 152.00 | OK |
Version: 0.8.1
Check: Rd files
Result: NOTE
checkRd: (-1) rpql.Rd:64: Lost braces in \itemize; meant \describe ?
checkRd: (-1) rpql.Rd:66: Lost braces in \itemize; meant \describe ?
checkRd: (-1) rpql.Rd:68: Lost braces in \itemize; meant \describe ?
checkRd: (-1) rpql.Rd:70: Lost braces in \itemize; meant \describe ?
checkRd: (-1) rpql.Rd:72: Lost braces in \itemize; meant \describe ?
checkRd: (-1) rpql.Rd:74: Lost braces in \itemize; meant \describe ?
Flavors: r-devel-linux-x86_64-debian-clang, r-devel-linux-x86_64-debian-gcc, r-devel-linux-x86_64-fedora-clang, r-devel-linux-x86_64-fedora-gcc, r-prerel-macos-arm64, r-prerel-windows-x86_64, r-patched-linux-x86_64