CRAN Package Check Results for Package rpostgisLT

Last updated on 2020-08-14 10:03:48 CEST.

Flavor Version Tinstall Tcheck Ttotal Status Flags
r-devel-linux-x86_64-debian-clang 0.6.0 14.80 112.08 126.88 NOTE
r-devel-linux-x86_64-debian-gcc 0.6.0 11.98 84.52 96.50 NOTE
r-devel-linux-x86_64-fedora-clang 0.6.0 152.19 NOTE
r-devel-linux-x86_64-fedora-gcc 0.6.0 78.82 NOTE
r-devel-windows-ix86+x86_64 0.6.0 39.00 151.00 190.00 OK
r-patched-linux-x86_64 0.6.0 9.92 108.39 118.31 NOTE
r-patched-solaris-x86 0.6.0 206.80 NOTE
r-release-linux-x86_64 0.6.0 13.10 108.96 122.06 NOTE
r-release-macos-x86_64 0.6.0 NOTE
r-release-windows-ix86+x86_64 0.6.0 42.00 114.00 156.00 NOTE
r-oldrel-macos-x86_64 0.6.0 NOTE
r-oldrel-windows-ix86+x86_64 0.6.0 28.00 104.00 132.00 OK

Check Details

Version: 0.6.0
Check: dependencies in R code
Result: NOTE
    Missing or unexported object: 'mapview::popupTable'
Flavors: r-devel-linux-x86_64-debian-clang, r-devel-linux-x86_64-debian-gcc, r-patched-linux-x86_64, r-release-linux-x86_64, r-release-windows-ix86+x86_64

Version: 0.6.0
Check: dependencies in R code
Result: NOTE
    Namespace in Imports field not imported from: ‘htmltools’
     All declared Imports should be used.
    Missing or unexported object: ‘mapview::popupTable’
Flavors: r-devel-linux-x86_64-fedora-clang, r-devel-linux-x86_64-fedora-gcc, r-patched-solaris-x86

Version: 0.6.0
Check: dependencies in R code
Result: NOTE
    Namespace in Imports field not imported from: ‘htmltools’
     All declared Imports should be used.
Flavors: r-release-macos-x86_64, r-oldrel-macos-x86_64