CRAN Package Check Results for Package rpostgis

Last updated on 2020-08-10 10:03:14 CEST.

Flavor Version Tinstall Tcheck Ttotal Status Flags
r-devel-linux-x86_64-debian-clang 1.4.3 12.22 89.30 101.52 OK
r-devel-linux-x86_64-debian-gcc 1.4.3 10.92 68.09 79.01 OK
r-devel-linux-x86_64-fedora-clang 1.4.3 128.84 OK
r-devel-linux-x86_64-fedora-gcc 1.4.3 116.24 OK
r-devel-windows-ix86+x86_64 1.4.3 27.00 121.00 148.00 OK
r-patched-linux-x86_64 1.4.3 12.24 88.04 100.28 OK
r-patched-solaris-x86 1.4.3 169.50 NOTE
r-release-linux-x86_64 1.4.3 10.98 86.50 97.48 OK
r-release-macos-x86_64 1.4.3 OK
r-release-windows-ix86+x86_64 1.4.3 27.00 120.00 147.00 OK
r-oldrel-macos-x86_64 1.4.3 OK
r-oldrel-windows-ix86+x86_64 1.4.3 17.00 78.00 95.00 OK

Check Details

Version: 1.4.3
Check: package dependencies
Result: NOTE
    Package suggested but not available for checking: ‘RPostgres’
Flavor: r-patched-solaris-x86