CRAN Package Check Results for Package rpdo

Last updated on 2020-08-10 10:03:14 CEST.

Flavor Version Tinstall Tcheck Ttotal Status Flags
r-devel-linux-x86_64-debian-clang 0.3.1 2.10 29.91 32.01 NOTE
r-devel-linux-x86_64-debian-gcc 0.3.1 1.74 24.08 25.82 NOTE
r-devel-linux-x86_64-fedora-clang 0.3.1 47.18 NOTE
r-devel-linux-x86_64-fedora-gcc 0.3.1 37.49 NOTE
r-devel-windows-ix86+x86_64 0.3.1 8.00 52.00 60.00 OK
r-patched-linux-x86_64 0.3.1 2.30 29.48 31.78 NOTE
r-patched-solaris-x86 0.3.1 46.90 OK
r-release-linux-x86_64 0.3.1 2.25 29.47 31.72 NOTE
r-release-macos-x86_64 0.3.1 OK
r-release-windows-ix86+x86_64 0.3.1 7.00 55.00 62.00 OK
r-oldrel-macos-x86_64 0.3.1 OK
r-oldrel-windows-ix86+x86_64 0.3.1 4.00 39.00 43.00 OK

Check Details

Version: 0.3.1
Check: Rd cross-references
Result: NOTE
    Unknown package 'rsoi' in Rd xrefs
Flavors: r-devel-linux-x86_64-debian-clang, r-devel-linux-x86_64-debian-gcc, r-devel-linux-x86_64-fedora-gcc, r-patched-linux-x86_64, r-release-linux-x86_64

Version: 0.3.1
Check: Rd cross-references
Result: NOTE
    Undeclared package ‘rsoi’ in Rd xrefs
    Unknown package ‘rsoi’ in Rd xrefs
Flavor: r-devel-linux-x86_64-fedora-clang