CRAN Package Check Results for Package rosr

Last updated on 2020-08-10 10:03:14 CEST.

Flavor Version Tinstall Tcheck Ttotal Status Flags
r-devel-linux-x86_64-debian-clang 0.0.10 4.35 35.27 39.62 OK
r-devel-linux-x86_64-debian-gcc 0.0.10 3.62 28.33 31.95 OK
r-devel-linux-x86_64-fedora-clang 0.0.10 55.45 NOTE
r-devel-linux-x86_64-fedora-gcc 0.0.10 46.06 NOTE
r-devel-windows-ix86+x86_64 0.0.10 12.00 69.00 81.00 OK
r-patched-linux-x86_64 0.0.10 4.19 35.37 39.56 OK
r-patched-solaris-x86 0.0.10 73.20 NOTE
r-release-linux-x86_64 0.0.10 4.32 34.67 38.99 OK
r-release-macos-x86_64 0.0.10 NOTE
r-release-windows-ix86+x86_64 0.0.10 22.00 71.00 93.00 OK
r-oldrel-macos-x86_64 0.0.10 NOTE
r-oldrel-windows-ix86+x86_64 0.0.10 9.00 49.00 58.00 OK

Check Details

Version: 0.0.10
Check: dependencies in R code
Result: NOTE
    Namespaces in Imports field not imported from:
     ‘bookdown’ ‘rstudioapi’ ‘tinytex’
     All declared Imports should be used.
Flavors: r-devel-linux-x86_64-fedora-clang, r-devel-linux-x86_64-fedora-gcc, r-patched-solaris-x86, r-release-macos-x86_64, r-oldrel-macos-x86_64