Last updated on 2023-05-31 09:56:51 CEST.
Flavor | Version | Tinstall | Tcheck | Ttotal | Status | Flags |
---|---|---|---|---|---|---|
r-devel-linux-x86_64-debian-clang | 0.1.6 | 39.55 | 31.39 | 70.94 | NOTE | |
r-devel-linux-x86_64-debian-gcc | 0.1.6 | 28.48 | 25.21 | 53.69 | NOTE | |
r-devel-linux-x86_64-fedora-clang | 0.1.6 | 105.68 | NOTE | |||
r-devel-linux-x86_64-fedora-gcc | 0.1.6 | 108.77 | NOTE | |||
r-devel-windows-x86_64 | 0.1.6 | 31.00 | 72.00 | 103.00 | NOTE | |
r-patched-linux-x86_64 | 0.1.6 | 31.55 | 30.61 | 62.16 | NOTE | |
r-release-linux-x86_64 | 0.1.6 | 28.61 | 30.88 | 59.49 | NOTE | |
r-release-macos-arm64 | 0.1.6 | 35.00 | NOTE | |||
r-release-macos-x86_64 | 0.1.6 | 57.00 | NOTE | |||
r-release-windows-x86_64 | 0.1.6 | 38.00 | 78.00 | 116.00 | NOTE | |
r-oldrel-macos-arm64 | 0.1.6 | 29.00 | OK | |||
r-oldrel-macos-x86_64 | 0.1.6 | 42.00 | OK | |||
r-oldrel-windows-x86_64 | 0.1.6 | 36.00 | 74.00 | 110.00 | OK |
Version: 0.1.6
Check: C++ specification
Result: NOTE
Specified C++11: please drop specification unless essential
Flavors: r-devel-linux-x86_64-debian-clang, r-devel-linux-x86_64-debian-gcc, r-devel-linux-x86_64-fedora-clang, r-devel-linux-x86_64-fedora-gcc, r-devel-windows-x86_64, r-patched-linux-x86_64, r-release-linux-x86_64, r-release-macos-arm64, r-release-macos-x86_64, r-release-windows-x86_64